(175,1,1,'','2019-12-13 08:51:52',141,38193,'5c8749f9e5e29d938759a94c2d1e34e8e92bb278','{\"id\":\"1\",\"asset_id\":\"61\",\"title\":\"Home\",\"alias\":\"getting-started\",\"introtext\":\"<img src=\\\"images\\/logos\\/youth_nationals_logo.png\\\" alt=\\\"\\\">\\n<h1>SA Sailing<\\/h1>\\n<h2>Youth Nationals<\\/h2>\\n<h3>Theewater Sports Club, 14 -19 December<\\/h3>\\n<img src=\\\"images\\/site\\/58a04f07-79dc-476c-a9f7-5ff15d206721.jpg\\\" alt=\\\"\\\">\\n<h2>Schedule<\\/h2>\\n<hr>\\n<div>\\n\\n    <div class=\\\"uk-child-width-auto uk-grid-small\\\" uk-grid>\\n\\t<div>\\n    \\t<h2 class=\\\"uk-heading-xlarge uk-text-background\\\">14<\\/h2>\\n    <\\/div>\\n    <div class=\\\"uk-margin\\\">\\n    \\t<h3 class=\\\"uk-h4 uk-text-background uk-margin-remove\\\">December<\\/h3>\\n\\t\\t<h3 class=\\\"uk-h5 uk-margin-remove uk-text-muted\\\">Saturday<\\/h3><\\/div>\\n<\\/div>\\n<\\/div>\\n<div>\\n\\n    <h3>09h00<\\/h3>\\n\\n\\n<div><p>Registration, measurement &amp; inspection<\\/p><\\/div>\\n\\n<\\/div>\\n<div>\\n\\n    <div class=\\\"uk-child-width-auto uk-grid-small\\\" uk-grid>\\n\\t<div>\\n    \\t<h2 class=\\\"uk-heading-xlarge uk-text-background\\\">15<\\/h2>\\n    <\\/div>\\n    <div class=\\\"uk-margin\\\">\\n    \\t<h3 class=\\\"uk-h4 uk-text-background uk-margin-remove\\\">December<\\/h3>\\n\\t\\t<h3 class=\\\"uk-h5 uk-margin-remove uk-text-muted\\\">Sunday<\\/h3><\\/div>\\n<\\/div>\\n<\\/div>\\n<ul>\\n        <li>\\n\\n        <h3>09h00<\\/h3>\\n\\n\\n<div><p>Registration, measurement &amp; Inspection<\\/p><\\/div>\\n\\n    <\\/li>\\n        <li>\\n\\n        <h3>14h45<\\/h3>\\n\\n\\n<div><p>1st warning signal<\\/p><\\/div>\\n\\n    <\\/li>\\n    <\\/ul>\\n<p>\\n    <a href=\\\"index.php?option=com_content&view=article&id=20&catid=2\\\">See full schedule<\\/a>\\n<\\/p>\\n<h2>Entertainment<\\/h2>\\n<hr>\\n<div>\\n\\n    <div class=\\\"uk-child-width-auto uk-grid-small\\\" uk-grid>\\n\\t<div>\\n    \\t<h2 class=\\\"uk-heading-xlarge uk-text-background\\\">Fun<\\/h2>\\n    <\\/div>\\n    <div class=\\\"uk-margin\\\">\\n    \\t<h3 class=\\\"uk-h4 uk-text-background uk-margin-remove\\\">December<\\/h3>\\n\\t\\t<h3 class=\\\"uk-h5 uk-margin-remove uk-text-muted\\\">14th to 19th<\\/h3><\\/div>\\n<\\/div>\\n<\\/div>\\n<img src=\\\"images\\/site\\/My_PDF.png\\\" alt=\\\"\\\">\\n<h2>Location<\\/h2>\\n<hr>\\n<div>\\n\\n    \\n        <h3>Theewater Sports Club<\\/h3>\\n    \\n    \\n    \\n        <p><a href=\\\"index.php?Itemid=120\\\">Read more<\\/a><\\/p>\\n    \\n<\\/div>\\n<div>\\n\\n        <img src=\\\"images\\/site\\/camping_theewater.jpg\\\" alt=\\\"\\\">\\n    \\n        <h3>Venue & Accomodations<\\/h3>\\n    \\n    \\n    \\n        <p><a href=\\\"index.php?option=com_content&view=article&id=37&catid=2\\\"><\\/a><\\/p>\\n    \\n<\\/div>\\n<div>\\n\\n        <img src=\\\"images\\/site\\/helderstroom_alpaca_farm.jpg\\\" alt=\\\"\\\">\\n    \\n        <h3>Things to do<\\/h3>\\n    \\n    \\n    \\n        <p><a href=\\\"index.php?Itemid=120\\\"><\\/a><\\/p>\\n    \\n<\\/div>\\n<h2>2019<\\/h2>\\n<h2>Sponsors<\\/h2>\\n<hr>\\n<div><p>An event the size of Youth Nationals would not be possible without sponsors.<\\/p><\\/div>\\n<p>\\n    <a href=\\\"index.php?option=com_content&view=article&id=40&catid=2\\\">Become a sponsor<\\/a>\\n<\\/p>\\n<ul>\\n        <li>\\n\\n        <img src=\\\"images\\/logos\\/sas-logo.png\\\" alt=\\\"\\\">\\n\\n\\n\\n\\n\\n    <\\/li>\\n        <li>\\n\\n        <img src=\\\"images\\/logos\\/dep_cul_aff.png\\\" alt=\\\"\\\">\\n\\n\\n\\n\\n\\n    <\\/li>\\n        <li>\\n\\n        <img src=\\\"images\\/logos\\/tsa_logo.png\\\" alt=\\\"\\\">\\n\\n\\n\\n\\n\\n    <\\/li>\\n        <li>\\n\\n        <img src=\\\"images\\/logos\\/overberg_sailing_federation.png\\\" alt=\\\"\\\">\\n\\n\\n\\n\\n\\n    <\\/li>\\n        <li>\\n\\n        <img src=\\\"images\\/logos\\/intrasure.png\\\" alt=\\\"\\\">\\n\\n\\n\\n\\n\\n    <\\/li>\\n        <li>\\n\\n        <img src=\\\"images\\/logos\\/ullman_sails_logo.png\\\" alt=\\\"\\\">\\n\\n\\n\\n\\n\\n    <\\/li>\\n        <li>\\n\\n        <img src=\\\"images\\/logos\\/nsri_logo.png\\\" alt=\\\"\\\">\\n\\n\\n\\n\\n\\n    <\\/li>\\n        <li>\\n\\n        <img src=\\\"images\\/logos\\/garden_route_sailing.jpg\\\" alt=\\\"\\\">\\n\\n\\n\\n\\n\\n    <\\/li>\\n        <li>\\n\\n        <img src=\\\"images\\/logos\\/cokecola_logo.jpg\\\" alt=\\\"\\\">\\n\\n\\n\\n\\n\\n    <\\/li>\\n        <li>\\n\\n        <img src=\\\"images\\/logos\\/stettyn_logo.jpg\\\" alt=\\\"\\\">\\n\\n\\n\\n\\n\\n    <\\/li>\\n    <\\/ul>\\n<h2>Enter the Event<\\/h2>\\n<div><p>We look forward to receiving your entry, please click on the button below to enter the 2019 Youth Nationals online.<\\/p><\\/div>\\n<p>\\n    <a href=\\\"https:\\/\\/www.revolutionise.com.au\\/theewatersports\\/events\\/55541\\/\\\">Enter Online<\\/a>\\n<\\/p>\\n<img src=\\\"images\\/site\\/2019_youth_nationals_ticket.jpg\\\" alt=\\\"\\\">\\n<h2>Past Events<\\/h2>\\n<hr>\\n<div>\\n\\n    \\n<h3>Stilbaai Yacht Club 2018<\\/h3>\\n\\n\\n\\n<p><a href=\\\"https:\\/\\/pa8030.wixsite.com\\/youthnationals\\\">Read more<\\/a><\\/p>\\n\\n<\\/div>\\n\",\"fulltext\":\"<!-- {\\\"name\\\":\\\"Home\\\",\\\"type\\\":\\\"layout\\\",\\\"children\\\":[{\\\"name\\\":\\\"Hero\\\",\\\"type\\\":\\\"section\\\",\\\"props\\\":{\\\"width\\\":\\\"default\\\",\\\"padding\\\":\\\"large\\\",\\\"style\\\":\\\"default\\\",\\\"animation\\\":\\\"slide-top-small\\\",\\\"image_size\\\":\\\"\\\",\\\"image\\\":\\\"images\\\\\\/site\\\\\\/2019_home.jpg\\\",\\\"image_position\\\":\\\"center-center\\\",\\\"height\\\":\\\"full\\\",\\\"image_fixed\\\":true,\\\"header_transparent\\\":\\\"dark\\\",\\\"padding_remove_top\\\":true,\\\"image_visibility\\\":\\\"s\\\",\\\"vertical_align\\\":\\\"middle\\\",\\\"title_position\\\":\\\"top-left\\\",\\\"title_rotation\\\":\\\"left\\\",\\\"title_breakpoint\\\":\\\"xl\\\",\\\"image_effect\\\":\\\"fixed\\\",\\\"text_color\\\":\\\"\\\",\\\"width_expand\\\":\\\"\\\"},\\\"children\\\":[{\\\"name\\\":\\\"\\\",\\\"type\\\":\\\"row\\\",\\\"props\\\":{\\\"fixed_width\\\":\\\"large\\\",\\\"breakpoint\\\":\\\"m\\\",\\\"layout\\\":\\\"1-1\\\",\\\"width\\\":\\\"\\\"},\\\"children\\\":[{\\\"name\\\":\\\"\\\",\\\"type\\\":\\\"column\\\",\\\"props\\\":{\\\"image_position\\\":\\\"center-center\\\",\\\"widths\\\":[\\\"1-1\\\"],\\\"media_overlay_gradient\\\":\\\"\\\"},\\\"children\\\":[{\\\"name\\\":\\\"\\\",\\\"type\\\":\\\"image\\\",\\\"props\\\":{\\\"margin\\\":\\\"default\\\",\\\"image\\\":\\\"images\\\\\\/logos\\\\\\/youth_nationals_logo.png\\\",\\\"text_align\\\":\\\"center\\\",\\\"visibility\\\":\\\"\\\",\\\"image_svg_color\\\":\\\"emphasis\\\",\\\"link_target\\\":\\\"\\\",\\\"image_border\\\":\\\"\\\",\\\"image_box_shadow\\\":\\\"\\\",\\\"image_hover_box_shadow\\\":\\\"\\\",\\\"image_box_decoration\\\":\\\"\\\",\\\"position\\\":\\\"\\\",\\\"position_z_index\\\":\\\"\\\",\\\"maxwidth\\\":\\\"\\\",\\\"maxwidth_breakpoint\\\":\\\"\\\",\\\"block_align\\\":\\\"\\\",\\\"block_align_breakpoint\\\":\\\"\\\",\\\"block_align_fallback\\\":\\\"\\\",\\\"text_align_breakpoint\\\":\\\"\\\",\\\"text_align_fallback\\\":\\\"\\\",\\\"animation\\\":\\\"\\\"}},{\\\"name\\\":\\\"\\\",\\\"type\\\":\\\"headline\\\",\\\"props\\\":{\\\"title_element\\\":\\\"h1\\\",\\\"content\\\":\\\"SA Sailing\\\",\\\"title_style\\\":\\\"heading-xlarge\\\",\\\"text_align\\\":\\\"center\\\",\\\"margin\\\":\\\"remove-vertical\\\",\\\"class\\\":\\\"uk-align-center\\\",\\\"maxwidth\\\":\\\"\\\",\\\"title_color\\\":\\\"background\\\",\\\"title_decoration\\\":\\\"\\\",\\\"title_font_family\\\":\\\"\\\",\\\"position\\\":\\\"\\\",\\\"position_z_index\\\":\\\"\\\",\\\"maxwidth_breakpoint\\\":\\\"\\\",\\\"block_align\\\":\\\"\\\",\\\"block_align_breakpoint\\\":\\\"\\\",\\\"block_align_fallback\\\":\\\"\\\",\\\"text_align_breakpoint\\\":\\\"\\\",\\\"text_align_fallback\\\":\\\"\\\",\\\"animation\\\":\\\"\\\",\\\"visibility\\\":\\\"\\\"}},{\\\"name\\\":\\\"\\\",\\\"type\\\":\\\"headline\\\",\\\"props\\\":{\\\"title_element\\\":\\\"h2\\\",\\\"content\\\":\\\"Youth Nationals\\\",\\\"margin\\\":\\\"remove-vertical\\\",\\\"text_align\\\":\\\"center\\\",\\\"title_style\\\":\\\"heading-small\\\",\\\"class\\\":\\\"\\\",\\\"title_decoration\\\":\\\"\\\",\\\"title_font_family\\\":\\\"\\\",\\\"title_color\\\":\\\"\\\",\\\"position\\\":\\\"\\\",\\\"position_z_index\\\":\\\"\\\",\\\"maxwidth\\\":\\\"\\\",\\\"maxwidth_breakpoint\\\":\\\"\\\",\\\"block_align\\\":\\\"\\\",\\\"block_align_breakpoint\\\":\\\"\\\",\\\"block_align_fallback\\\":\\\"\\\",\\\"text_align_breakpoint\\\":\\\"\\\",\\\"text_align_fallback\\\":\\\"\\\",\\\"animation\\\":\\\"\\\",\\\"visibility\\\":\\\"\\\"}},{\\\"name\\\":\\\"\\\",\\\"type\\\":\\\"headline\\\",\\\"props\\\":{\\\"title_element\\\":\\\"h3\\\",\\\"content\\\":\\\"Theewater Sports Club, 14 -19 December\\\",\\\"text_align\\\":\\\"center\\\",\\\"title_style\\\":\\\"h4\\\",\\\"class\\\":\\\"\\\",\\\"margin\\\":\\\"\\\",\\\"title_decoration\\\":\\\"\\\",\\\"title_font_family\\\":\\\"\\\",\\\"title_color\\\":\\\"\\\",\\\"position\\\":\\\"\\\",\\\"position_z_index\\\":\\\"\\\",\\\"maxwidth\\\":\\\"\\\",\\\"maxwidth_breakpoint\\\":\\\"\\\",\\\"block_align\\\":\\\"\\\",\\\"block_align_breakpoint\\\":\\\"\\\",\\\"block_align_fallback\\\":\\\"\\\",\\\"text_align_breakpoint\\\":\\\"\\\",\\\"text_align_fallback\\\":\\\"\\\",\\\"animation\\\":\\\"\\\",\\\"visibility\\\":\\\"\\\"}},{\\\"type\\\":\\\"image\\\",\\\"props\\\":{\\\"margin\\\":\\\"default\\\",\\\"image_svg_color\\\":\\\"emphasis\\\",\\\"link_target\\\":\\\"\\\",\\\"image_border\\\":\\\"\\\",\\\"image_box_shadow\\\":\\\"\\\",\\\"image_hover_box_shadow\\\":\\\"\\\",\\\"image_box_decoration\\\":\\\"\\\",\\\"position\\\":\\\"\\\",\\\"position_z_index\\\":\\\"\\\",\\\"maxwidth\\\":\\\"\\\",\\\"maxwidth_breakpoint\\\":\\\"\\\",\\\"block_align\\\":\\\"\\\",\\\"block_align_breakpoint\\\":\\\"\\\",\\\"block_align_fallback\\\":\\\"\\\",\\\"text_align\\\":\\\"\\\",\\\"text_align_breakpoint\\\":\\\"\\\",\\\"text_align_fallback\\\":\\\"\\\",\\\"animation\\\":\\\"\\\",\\\"visibility\\\":\\\"\\\",\\\"image\\\":\\\"images\\\\\\/site\\\\\\/58a04f07-79dc-476c-a9f7-5ff15d206721.jpg\\\"}}]}]}]},{\\\"name\\\":\\\"Schedule\\\",\\\"type\\\":\\\"section\\\",\\\"props\\\":{\\\"style\\\":\\\"default\\\",\\\"width\\\":\\\"default\\\",\\\"image_size\\\":\\\"\\\",\\\"padding\\\":\\\"\\\",\\\"padding_remove_top\\\":false,\\\"image\\\":\\\"images\\\\\\/yootheme\\\\\\/home-schedule-bg.svg\\\",\\\"overlap\\\":false,\\\"image_position\\\":\\\"top-left\\\",\\\"image_visibility\\\":\\\"m\\\",\\\"animation\\\":\\\"\\\",\\\"animation_delay\\\":true,\\\"image_fixed\\\":false,\\\"vertical_align\\\":\\\"middle\\\",\\\"title_position\\\":\\\"top-left\\\",\\\"title_rotation\\\":\\\"left\\\",\\\"title_breakpoint\\\":\\\"xl\\\",\\\"image_effect\\\":\\\"\\\"},\\\"children\\\":[{\\\"name\\\":\\\"\\\",\\\"type\\\":\\\"row\\\",\\\"props\\\":{\\\"fixed_width\\\":\\\"large\\\",\\\"breakpoint\\\":\\\"m\\\",\\\"layout\\\":\\\"1-1\\\"},\\\"children\\\":[{\\\"name\\\":\\\"\\\",\\\"type\\\":\\\"column\\\",\\\"props\\\":{\\\"image_position\\\":\\\"center-center\\\",\\\"widths\\\":[\\\"1-1\\\"],\\\"media_overlay_gradient\\\":\\\"\\\"},\\\"children\\\":[{\\\"name\\\":\\\"\\\",\\\"type\\\":\\\"headline\\\",\\\"props\\\":{\\\"title_element\\\":\\\"h2\\\",\\\"title_decoration\\\":\\\"\\\",\\\"content\\\":\\\"Schedule\\\",\\\"maxwidth\\\":\\\"\\\",\\\"title_style\\\":\\\"heading-small\\\"}},{\\\"name\\\":\\\"\\\",\\\"type\\\":\\\"divider\\\",\\\"props\\\":{\\\"divider_element\\\":\\\"hr\\\",\\\"divider_style\\\":\\\"small\\\"}}]}]},{\\\"name\\\":\\\"\\\",\\\"type\\\":\\\"row\\\",\\\"props\\\":{\\\"fixed_width\\\":\\\"large\\\",\\\"breakpoint\\\":\\\"m\\\",\\\"layout\\\":\\\",\\\",\\\"margin\\\":\\\"large\\\"},\\\"children\\\":[{\\\"name\\\":\\\"\\\",\\\"type\\\":\\\"column\\\",\\\"props\\\":{\\\"widths\\\":[\\\"\\\"],\\\"image_position\\\":\\\"center-center\\\",\\\"media_overlay_gradient\\\":\\\"\\\"},\\\"children\\\":[{\\\"name\\\":\\\"\\\",\\\"type\\\":\\\"html\\\",\\\"props\\\":{\\\"content\\\":\\\"<div class=\\\\\\\"uk-child-width-auto uk-grid-small\\\\\\\" uk-grid>\\\\n\\\\t<div>\\\\n    \\\\t<h2 class=\\\\\\\"uk-heading-xlarge uk-text-background\\\\\\\">14<\\\\\\/h2>\\\\n    <\\\\\\/div>\\\\n    <div class=\\\\\\\"uk-margin\\\\\\\">\\\\n    \\\\t<h3 class=\\\\\\\"uk-h4 uk-text-background uk-margin-remove\\\\\\\">December<\\\\\\/h3>\\\\n\\\\t\\\\t<h3 class=\\\\\\\"uk-h5 uk-margin-remove uk-text-muted\\\\\\\">Saturday<\\\\\\/h3><\\\\\\/div>\\\\n<\\\\\\/div>\\\"}},{\\\"name\\\":\\\"\\\",\\\"type\\\":\\\"description_list\\\",\\\"props\\\":{\\\"margin\\\":\\\"large\\\",\\\"title_style\\\":\\\"\\\",\\\"layout\\\":\\\"grid-2\\\",\\\"list_size\\\":true,\\\"show_link\\\":true,\\\"gutter\\\":\\\"small\\\",\\\"text_align\\\":\\\"left\\\",\\\"show_title\\\":true,\\\"show_meta\\\":true,\\\"show_content\\\":true,\\\"width\\\":\\\"small\\\",\\\"meta_style\\\":\\\"meta\\\",\\\"meta_align\\\":\\\"below-content\\\",\\\"title_color\\\":\\\"muted\\\",\\\"list_style\\\":\\\"\\\",\\\"breakpoint\\\":\\\"\\\",\\\"title_font_family\\\":\\\"\\\",\\\"meta_color\\\":\\\"\\\",\\\"content_style\\\":\\\"\\\",\\\"link_style\\\":\\\"\\\",\\\"position\\\":\\\"\\\",\\\"position_z_index\\\":\\\"\\\",\\\"maxwidth\\\":\\\"\\\",\\\"maxwidth_breakpoint\\\":\\\"\\\",\\\"block_align\\\":\\\"\\\",\\\"block_align_breakpoint\\\":\\\"\\\",\\\"block_align_fallback\\\":\\\"\\\",\\\"text_align_breakpoint\\\":\\\"\\\",\\\"text_align_fallback\\\":\\\"\\\",\\\"animation\\\":\\\"\\\",\\\"visibility\\\":\\\"\\\"},\\\"children\\\":[{\\\"name\\\":\\\"\\\",\\\"type\\\":\\\"description_list_item\\\",\\\"props\\\":{\\\"title\\\":\\\"09h00\\\",\\\"content\\\":\\\"<p>Registration, measurement &amp; inspection<\\\\\\/p>\\\"}}]}]},{\\\"name\\\":\\\"\\\",\\\"type\\\":\\\"column\\\",\\\"props\\\":{\\\"widths\\\":[\\\"\\\"],\\\"image_position\\\":\\\"center-center\\\",\\\"media_overlay_gradient\\\":\\\"\\\"},\\\"children\\\":[{\\\"name\\\":\\\"\\\",\\\"type\\\":\\\"html\\\",\\\"props\\\":{\\\"content\\\":\\\"<div class=\\\\\\\"uk-child-width-auto uk-grid-small\\\\\\\" uk-grid>\\\\n\\\\t<div>\\\\n    \\\\t<h2 class=\\\\\\\"uk-heading-xlarge uk-text-background\\\\\\\">15<\\\\\\/h2>\\\\n    <\\\\\\/div>\\\\n    <div class=\\\\\\\"uk-margin\\\\\\\">\\\\n    \\\\t<h3 class=\\\\\\\"uk-h4 uk-text-background uk-margin-remove\\\\\\\">December<\\\\\\/h3>\\\\n\\\\t\\\\t<h3 class=\\\\\\\"uk-h5 uk-margin-remove uk-text-muted\\\\\\\">Sunday<\\\\\\/h3><\\\\\\/div>\\\\n<\\\\\\/div>\\\"}},{\\\"name\\\":\\\"\\\",\\\"type\\\":\\\"description_list\\\",\\\"props\\\":{\\\"margin\\\":\\\"large\\\",\\\"title_style\\\":\\\"\\\",\\\"list_size\\\":true,\\\"list_style\\\":\\\"\\\",\\\"show_link\\\":true,\\\"gutter\\\":\\\"medium\\\",\\\"layout\\\":\\\"grid-2\\\",\\\"show_title\\\":true,\\\"show_meta\\\":true,\\\"show_content\\\":true,\\\"width\\\":\\\"small\\\",\\\"meta_style\\\":\\\"meta\\\",\\\"meta_align\\\":\\\"below-content\\\",\\\"title_color\\\":\\\"muted\\\",\\\"breakpoint\\\":\\\"\\\",\\\"title_font_family\\\":\\\"\\\",\\\"meta_color\\\":\\\"\\\",\\\"content_style\\\":\\\"\\\",\\\"link_style\\\":\\\"\\\",\\\"position\\\":\\\"\\\",\\\"position_z_index\\\":\\\"\\\",\\\"maxwidth\\\":\\\"\\\",\\\"maxwidth_breakpoint\\\":\\\"\\\",\\\"block_align\\\":\\\"\\\",\\\"block_align_breakpoint\\\":\\\"\\\",\\\"block_align_fallback\\\":\\\"\\\",\\\"text_align\\\":\\\"\\\",\\\"text_align_breakpoint\\\":\\\"\\\",\\\"text_align_fallback\\\":\\\"\\\",\\\"animation\\\":\\\"\\\",\\\"visibility\\\":\\\"\\\"},\\\"children\\\":[{\\\"name\\\":\\\"\\\",\\\"type\\\":\\\"description_list_item\\\",\\\"props\\\":{\\\"title\\\":\\\"09h00\\\",\\\"content\\\":\\\"<p>Registration, measurement &amp; Inspection<\\\\\\/p>\\\"}},{\\\"name\\\":\\\"\\\",\\\"type\\\":\\\"description_list_item\\\",\\\"props\\\":{\\\"title\\\":\\\"14h45\\\",\\\"content\\\":\\\"<p>1st warning signal<\\\\\\/p>\\\"}}]}]}]},{\\\"name\\\":\\\"\\\",\\\"type\\\":\\\"row\\\",\\\"props\\\":{\\\"fixed_width\\\":\\\"large\\\",\\\"breakpoint\\\":\\\"m\\\",\\\"layout\\\":\\\"1-1\\\",\\\"margin\\\":\\\"large\\\"},\\\"children\\\":[{\\\"name\\\":\\\"\\\",\\\"type\\\":\\\"column\\\",\\\"props\\\":{\\\"image_position\\\":\\\"center-center\\\",\\\"widths\\\":[\\\"1-1\\\"],\\\"media_overlay_gradient\\\":\\\"\\\"},\\\"children\\\":[{\\\"name\\\":\\\"\\\",\\\"type\\\":\\\"button\\\",\\\"props\\\":{\\\"gutter\\\":\\\"small\\\",\\\"margin\\\":\\\"\\\",\\\"button_size\\\":\\\"large\\\",\\\"position\\\":\\\"\\\",\\\"position_z_index\\\":\\\"\\\",\\\"maxwidth\\\":\\\"\\\",\\\"maxwidth_breakpoint\\\":\\\"\\\",\\\"block_align\\\":\\\"\\\",\\\"block_align_breakpoint\\\":\\\"\\\",\\\"block_align_fallback\\\":\\\"\\\",\\\"text_align\\\":\\\"\\\",\\\"text_align_breakpoint\\\":\\\"\\\",\\\"text_align_fallback\\\":\\\"\\\",\\\"animation\\\":\\\"\\\",\\\"visibility\\\":\\\"\\\"},\\\"children\\\":[{\\\"name\\\":\\\"\\\",\\\"type\\\":\\\"button_item\\\",\\\"props\\\":{\\\"button_style\\\":\\\"primary\\\",\\\"icon_align\\\":\\\"left\\\",\\\"content\\\":\\\"See full schedule\\\",\\\"link\\\":\\\"index.php?option=com_content&view=article&id=20&catid=2\\\",\\\"link_target\\\":\\\"\\\"}}]}]}]}]},{\\\"name\\\":\\\"Entertainment\\\",\\\"type\\\":\\\"section\\\",\\\"props\\\":{\\\"style\\\":\\\"default\\\",\\\"width\\\":\\\"default\\\",\\\"image_size\\\":\\\"\\\",\\\"padding\\\":\\\"\\\",\\\"padding_remove_top\\\":false,\\\"image\\\":\\\"images\\\\\\/yootheme\\\\\\/home-schedule-bg.svg\\\",\\\"overlap\\\":false,\\\"image_position\\\":\\\"top-left\\\",\\\"image_visibility\\\":\\\"m\\\",\\\"animation\\\":\\\"\\\",\\\"animation_delay\\\":true,\\\"image_fixed\\\":false,\\\"vertical_align\\\":\\\"middle\\\",\\\"title_position\\\":\\\"top-left\\\",\\\"title_rotation\\\":\\\"left\\\",\\\"title_breakpoint\\\":\\\"xl\\\",\\\"image_effect\\\":\\\"\\\",\\\"text_color\\\":\\\"\\\",\\\"width_expand\\\":\\\"\\\",\\\"height\\\":\\\"\\\",\\\"header_transparent\\\":\\\"\\\"},\\\"children\\\":[{\\\"name\\\":\\\"\\\",\\\"type\\\":\\\"row\\\",\\\"props\\\":{\\\"fixed_width\\\":\\\"large\\\",\\\"breakpoint\\\":\\\"m\\\",\\\"layout\\\":\\\"1-1\\\"},\\\"children\\\":[{\\\"name\\\":\\\"\\\",\\\"type\\\":\\\"column\\\",\\\"props\\\":{\\\"image_position\\\":\\\"center-center\\\",\\\"widths\\\":[\\\"1-1\\\"],\\\"media_overlay_gradient\\\":\\\"\\\"},\\\"children\\\":[{\\\"name\\\":\\\"\\\",\\\"type\\\":\\\"headline\\\",\\\"props\\\":{\\\"title_element\\\":\\\"h2\\\",\\\"title_decoration\\\":\\\"\\\",\\\"content\\\":\\\"Entertainment\\\",\\\"maxwidth\\\":\\\"\\\",\\\"title_style\\\":\\\"heading-small\\\",\\\"title_font_family\\\":\\\"\\\",\\\"title_color\\\":\\\"\\\",\\\"position\\\":\\\"\\\",\\\"position_z_index\\\":\\\"\\\",\\\"margin\\\":\\\"\\\",\\\"maxwidth_breakpoint\\\":\\\"\\\",\\\"block_align\\\":\\\"\\\",\\\"block_align_breakpoint\\\":\\\"\\\",\\\"block_align_fallback\\\":\\\"\\\",\\\"text_align\\\":\\\"\\\",\\\"text_align_breakpoint\\\":\\\"\\\",\\\"text_align_fallback\\\":\\\"\\\",\\\"animation\\\":\\\"\\\",\\\"visibility\\\":\\\"\\\"}},{\\\"name\\\":\\\"\\\",\\\"type\\\":\\\"divider\\\",\\\"props\\\":{\\\"divider_element\\\":\\\"hr\\\",\\\"divider_style\\\":\\\"small\\\"}}]}]},{\\\"name\\\":\\\"\\\",\\\"type\\\":\\\"row\\\",\\\"props\\\":{\\\"fixed_width\\\":\\\"large\\\",\\\"breakpoint\\\":\\\"m\\\",\\\"layout\\\":\\\",\\\",\\\"margin\\\":\\\"large\\\"},\\\"children\\\":[{\\\"name\\\":\\\"\\\",\\\"type\\\":\\\"column\\\",\\\"props\\\":{\\\"widths\\\":[\\\"\\\"],\\\"image_position\\\":\\\"center-center\\\",\\\"media_overlay_gradient\\\":\\\"\\\"},\\\"children\\\":[{\\\"name\\\":\\\"\\\",\\\"type\\\":\\\"html\\\",\\\"props\\\":{\\\"content\\\":\\\"<div class=\\\\\\\"uk-child-width-auto uk-grid-small\\\\\\\" uk-grid>\\\\n\\\\t<div>\\\\n    \\\\t<h2 class=\\\\\\\"uk-heading-xlarge uk-text-background\\\\\\\">Fun<\\\\\\/h2>\\\\n    <\\\\\\/div>\\\\n    <div class=\\\\\\\"uk-margin\\\\\\\">\\\\n    \\\\t<h3 class=\\\\\\\"uk-h4 uk-text-background uk-margin-remove\\\\\\\">December<\\\\\\/h3>\\\\n\\\\t\\\\t<h3 class=\\\\\\\"uk-h5 uk-margin-remove uk-text-muted\\\\\\\">14th to 19th<\\\\\\/h3><\\\\\\/div>\\\\n<\\\\\\/div>\\\"}}]},{\\\"name\\\":\\\"\\\",\\\"type\\\":\\\"column\\\",\\\"props\\\":{\\\"widths\\\":[\\\"\\\"],\\\"image_position\\\":\\\"center-center\\\",\\\"media_overlay_gradient\\\":\\\"\\\"},\\\"children\\\":[{\\\"type\\\":\\\"image\\\",\\\"props\\\":{\\\"margin\\\":\\\"default\\\",\\\"image_svg_color\\\":\\\"emphasis\\\",\\\"link_target\\\":\\\"\\\",\\\"image_border\\\":\\\"\\\",\\\"image_box_shadow\\\":\\\"\\\",\\\"image_hover_box_shadow\\\":\\\"\\\",\\\"image_box_decoration\\\":\\\"\\\",\\\"position\\\":\\\"\\\",\\\"position_z_index\\\":\\\"\\\",\\\"maxwidth\\\":\\\"\\\",\\\"maxwidth_breakpoint\\\":\\\"\\\",\\\"block_align\\\":\\\"\\\",\\\"block_align_breakpoint\\\":\\\"\\\",\\\"block_align_fallback\\\":\\\"\\\",\\\"text_align\\\":\\\"\\\",\\\"text_align_breakpoint\\\":\\\"\\\",\\\"text_align_fallback\\\":\\\"\\\",\\\"animation\\\":\\\"\\\",\\\"visibility\\\":\\\"\\\",\\\"image\\\":\\\"images\\\\\\/site\\\\\\/My_PDF.png\\\",\\\"image_height\\\":\\\"200\\\"}}]}]}]},{\\\"name\\\":\\\"Location\\\",\\\"type\\\":\\\"section\\\",\\\"props\\\":{\\\"style\\\":\\\"default\\\",\\\"width\\\":\\\"default\\\",\\\"image_size\\\":\\\"\\\",\\\"image\\\":\\\"images\\\\\\/site\\\\\\/theewater_home.jpg\\\",\\\"image_fixed\\\":true,\\\"image_position\\\":\\\"center-right\\\",\\\"image_visibility\\\":\\\"m\\\",\\\"padding\\\":\\\"\\\",\\\"padding_remove_top\\\":false,\\\"animation\\\":\\\"slide-bottom-medium\\\",\\\"animation_delay\\\":true,\\\"vertical_align\\\":\\\"middle\\\",\\\"title_position\\\":\\\"top-left\\\",\\\"title_rotation\\\":\\\"left\\\",\\\"title_breakpoint\\\":\\\"xl\\\",\\\"image_effect\\\":\\\"fixed\\\",\\\"text_color\\\":\\\"\\\",\\\"width_expand\\\":\\\"\\\",\\\"height\\\":\\\"\\\",\\\"header_transparent\\\":\\\"\\\"},\\\"children\\\":[{\\\"name\\\":\\\"\\\",\\\"type\\\":\\\"row\\\",\\\"props\\\":{\\\"fixed_width\\\":\\\"large\\\",\\\"breakpoint\\\":\\\"m\\\",\\\"layout\\\":\\\"1-1\\\",\\\"margin\\\":\\\"xlarge\\\"},\\\"children\\\":[{\\\"name\\\":\\\"\\\",\\\"type\\\":\\\"column\\\",\\\"props\\\":{\\\"image_position\\\":\\\"center-center\\\",\\\"widths\\\":[\\\"1-1\\\"],\\\"media_overlay_gradient\\\":\\\"\\\"},\\\"children\\\":[{\\\"name\\\":\\\"\\\",\\\"type\\\":\\\"headline\\\",\\\"props\\\":{\\\"title_element\\\":\\\"h2\\\",\\\"content\\\":\\\"Location\\\",\\\"title_decoration\\\":\\\"\\\",\\\"maxwidth\\\":\\\"\\\",\\\"title_style\\\":\\\"heading-small\\\"}},{\\\"name\\\":\\\"\\\",\\\"type\\\":\\\"divider\\\",\\\"props\\\":{\\\"divider_element\\\":\\\"hr\\\",\\\"divider_style\\\":\\\"small\\\"}}]}]},{\\\"name\\\":\\\"\\\",\\\"type\\\":\\\"row\\\",\\\"props\\\":{\\\"fixed_width\\\":\\\"large\\\",\\\"breakpoint\\\":\\\"m\\\",\\\"layout\\\":\\\",2-3\\\"},\\\"children\\\":[{\\\"name\\\":\\\"\\\",\\\"type\\\":\\\"column\\\",\\\"props\\\":{\\\"image_position\\\":\\\"center-center\\\",\\\"widths\\\":[\\\"\\\"],\\\"media_overlay_gradient\\\":\\\"\\\"},\\\"children\\\":[{\\\"name\\\":\\\"\\\",\\\"type\\\":\\\"panel\\\",\\\"props\\\":{\\\"link_text\\\":\\\"Read more\\\",\\\"title_element\\\":\\\"h3\\\",\\\"meta_style\\\":\\\"meta\\\",\\\"meta_align\\\":\\\"below-title\\\",\\\"icon_ratio\\\":4,\\\"image_align\\\":\\\"top\\\",\\\"image_grid_width\\\":\\\"1-2\\\",\\\"image_breakpoint\\\":\\\"m\\\",\\\"link_style\\\":\\\"text\\\",\\\"margin\\\":\\\"default\\\",\\\"title\\\":\\\"Theewater Sports Club\\\",\\\"content\\\":\\\"\\\",\\\"link\\\":\\\"index.php?Itemid=120\\\",\\\"panel_style\\\":\\\"card-secondary\\\",\\\"title_align\\\":\\\"top\\\",\\\"title_grid_width\\\":\\\"1-2\\\",\\\"title_breakpoint\\\":\\\"m\\\",\\\"image_svg_color\\\":\\\"emphasis\\\",\\\"title_hover_style\\\":\\\"reset\\\",\\\"panel_content_padding\\\":\\\"\\\",\\\"panel_size\\\":\\\"\\\",\\\"title_style\\\":\\\"\\\",\\\"title_decoration\\\":\\\"\\\",\\\"title_font_family\\\":\\\"\\\",\\\"title_color\\\":\\\"\\\",\\\"title_gutter\\\":\\\"\\\",\\\"title_margin\\\":\\\"\\\",\\\"meta_color\\\":\\\"\\\",\\\"meta_margin\\\":\\\"\\\",\\\"content_style\\\":\\\"\\\",\\\"content_margin\\\":\\\"\\\",\\\"image_transition\\\":\\\"\\\",\\\"image_border\\\":\\\"\\\",\\\"image_box_shadow\\\":\\\"\\\",\\\"image_hover_box_shadow\\\":\\\"\\\",\\\"image_box_decoration\\\":\\\"\\\",\\\"icon_color\\\":\\\"\\\",\\\"image_gutter\\\":\\\"\\\",\\\"image_margin\\\":\\\"\\\",\\\"link_type\\\":\\\"\\\",\\\"link_size\\\":\\\"\\\",\\\"link_margin\\\":\\\"\\\",\\\"position\\\":\\\"\\\",\\\"position_z_index\\\":\\\"\\\",\\\"maxwidth\\\":\\\"\\\",\\\"maxwidth_breakpoint\\\":\\\"\\\",\\\"block_align\\\":\\\"\\\",\\\"block_align_breakpoint\\\":\\\"\\\",\\\"block_align_fallback\\\":\\\"\\\",\\\"text_align\\\":\\\"\\\",\\\"text_align_breakpoint\\\":\\\"\\\",\\\"text_align_fallback\\\":\\\"\\\",\\\"animation\\\":\\\"\\\",\\\"visibility\\\":\\\"\\\"}}]},{\\\"name\\\":\\\"\\\",\\\"type\\\":\\\"column\\\",\\\"props\\\":{\\\"image_position\\\":\\\"center-center\\\",\\\"widths\\\":[\\\"2-3\\\"],\\\"media_overlay_gradient\\\":\\\"\\\"}}]},{\\\"name\\\":\\\"\\\",\\\"type\\\":\\\"row\\\",\\\"props\\\":{\\\"fixed_width\\\":\\\"large\\\",\\\"breakpoint\\\":\\\"m\\\",\\\"layout\\\":\\\",,\\\",\\\"margin\\\":\\\"large\\\",\\\"gutter\\\":\\\"\\\",\\\"width\\\":\\\"\\\",\\\"width_expand\\\":\\\"\\\",\\\"height\\\":\\\"\\\"},\\\"children\\\":[{\\\"name\\\":\\\"\\\",\\\"type\\\":\\\"column\\\",\\\"props\\\":{\\\"image_position\\\":\\\"center-center\\\",\\\"widths\\\":[\\\"\\\"],\\\"media_overlay_gradient\\\":\\\"\\\"}},{\\\"name\\\":\\\"\\\",\\\"type\\\":\\\"column\\\",\\\"props\\\":{\\\"image_position\\\":\\\"center-center\\\",\\\"widths\\\":[\\\"\\\"],\\\"media_overlay_gradient\\\":\\\"\\\"},\\\"children\\\":[{\\\"name\\\":\\\"\\\",\\\"type\\\":\\\"panel\\\",\\\"props\\\":{\\\"link_text\\\":\\\"\\\",\\\"title_element\\\":\\\"h3\\\",\\\"meta_style\\\":\\\"meta\\\",\\\"meta_align\\\":\\\"below-title\\\",\\\"icon_ratio\\\":4,\\\"image_align\\\":\\\"top\\\",\\\"image_grid_width\\\":\\\"1-2\\\",\\\"image_breakpoint\\\":\\\"m\\\",\\\"link_style\\\":\\\"default\\\",\\\"margin\\\":\\\"default\\\",\\\"title\\\":\\\"Venue & Accomodations\\\",\\\"content\\\":\\\"\\\",\\\"link\\\":\\\"index.php?option=com_content&view=article&id=37&catid=2\\\",\\\"panel_style\\\":\\\"card-default\\\",\\\"image\\\":\\\"images\\\\\\/site\\\\\\/camping_theewater.jpg\\\",\\\"panel_size\\\":\\\"small\\\",\\\"title_style\\\":\\\"h4\\\",\\\"image_width\\\":\\\"899\\\",\\\"image_height\\\":\\\"913\\\",\\\"link_type\\\":\\\"element\\\",\\\"panel_card_image\\\":true,\\\"title_align\\\":\\\"top\\\",\\\"title_grid_width\\\":\\\"1-2\\\",\\\"title_breakpoint\\\":\\\"m\\\",\\\"image_svg_color\\\":\\\"emphasis\\\",\\\"panel_content_padding\\\":\\\"\\\",\\\"title_decoration\\\":\\\"\\\",\\\"title_color\\\":\\\"\\\",\\\"title_gutter\\\":\\\"\\\",\\\"title_margin\\\":\\\"\\\",\\\"meta_color\\\":\\\"\\\",\\\"meta_margin\\\":\\\"\\\",\\\"content_style\\\":\\\"\\\",\\\"content_margin\\\":\\\"\\\",\\\"image_border\\\":\\\"\\\",\\\"image_box_shadow\\\":\\\"\\\",\\\"image_hover_box_shadow\\\":\\\"\\\",\\\"image_box_decoration\\\":\\\"\\\",\\\"icon_color\\\":\\\"\\\",\\\"image_gutter\\\":\\\"\\\",\\\"image_margin\\\":\\\"\\\",\\\"link_size\\\":\\\"\\\",\\\"link_margin\\\":\\\"\\\",\\\"maxwidth\\\":\\\"\\\",\\\"maxwidth_breakpoint\\\":\\\"\\\",\\\"text_align\\\":\\\"\\\",\\\"text_align_breakpoint\\\":\\\"\\\",\\\"text_align_fallback\\\":\\\"\\\",\\\"animation\\\":\\\"\\\",\\\"visibility\\\":\\\"\\\",\\\"block_align\\\":\\\"\\\",\\\"title_hover_style\\\":\\\"reset\\\",\\\"title_font_family\\\":\\\"\\\",\\\"image_transition\\\":\\\"\\\",\\\"position\\\":\\\"\\\",\\\"position_z_index\\\":\\\"\\\",\\\"block_align_breakpoint\\\":\\\"\\\",\\\"block_align_fallback\\\":\\\"\\\"}}]},{\\\"name\\\":\\\"\\\",\\\"type\\\":\\\"column\\\",\\\"props\\\":{\\\"image_position\\\":\\\"center-center\\\",\\\"widths\\\":[\\\"\\\"],\\\"media_overlay_gradient\\\":\\\"\\\"},\\\"children\\\":[{\\\"name\\\":\\\"\\\",\\\"type\\\":\\\"panel\\\",\\\"props\\\":{\\\"link_text\\\":\\\"\\\",\\\"title_element\\\":\\\"h3\\\",\\\"meta_style\\\":\\\"meta\\\",\\\"meta_align\\\":\\\"below-title\\\",\\\"icon_ratio\\\":4,\\\"image_align\\\":\\\"top\\\",\\\"image_grid_width\\\":\\\"1-2\\\",\\\"image_breakpoint\\\":\\\"m\\\",\\\"link_style\\\":\\\"default\\\",\\\"margin\\\":\\\"default\\\",\\\"title\\\":\\\"Things to do\\\",\\\"content\\\":\\\"\\\",\\\"link\\\":\\\"index.php?Itemid=120\\\",\\\"panel_style\\\":\\\"card-default\\\",\\\"image\\\":\\\"images\\\\\\/site\\\\\\/helderstroom_alpaca_farm.jpg\\\",\\\"panel_size\\\":\\\"small\\\",\\\"title_style\\\":\\\"h4\\\",\\\"image_width\\\":\\\"899\\\",\\\"image_height\\\":\\\"568\\\",\\\"link_type\\\":\\\"element\\\",\\\"panel_card_image\\\":true,\\\"title_align\\\":\\\"top\\\",\\\"title_grid_width\\\":\\\"1-2\\\",\\\"title_breakpoint\\\":\\\"m\\\",\\\"image_svg_color\\\":\\\"emphasis\\\",\\\"panel_content_padding\\\":\\\"\\\",\\\"title_decoration\\\":\\\"\\\",\\\"title_color\\\":\\\"\\\",\\\"title_gutter\\\":\\\"\\\",\\\"title_margin\\\":\\\"\\\",\\\"meta_color\\\":\\\"\\\",\\\"meta_margin\\\":\\\"\\\",\\\"content_style\\\":\\\"\\\",\\\"content_margin\\\":\\\"\\\",\\\"image_border\\\":\\\"\\\",\\\"image_box_shadow\\\":\\\"\\\",\\\"image_hover_box_shadow\\\":\\\"\\\",\\\"image_box_decoration\\\":\\\"\\\",\\\"icon_color\\\":\\\"\\\",\\\"image_gutter\\\":\\\"\\\",\\\"image_margin\\\":\\\"\\\",\\\"link_size\\\":\\\"\\\",\\\"link_margin\\\":\\\"\\\",\\\"maxwidth\\\":\\\"\\\",\\\"maxwidth_breakpoint\\\":\\\"\\\",\\\"text_align\\\":\\\"\\\",\\\"text_align_breakpoint\\\":\\\"\\\",\\\"text_align_fallback\\\":\\\"\\\",\\\"animation\\\":\\\"\\\",\\\"visibility\\\":\\\"\\\",\\\"block_align\\\":\\\"\\\",\\\"title_hover_style\\\":\\\"reset\\\",\\\"title_font_family\\\":\\\"\\\",\\\"image_transition\\\":\\\"\\\",\\\"position\\\":\\\"\\\",\\\"position_z_index\\\":\\\"\\\",\\\"block_align_breakpoint\\\":\\\"\\\",\\\"block_align_fallback\\\":\\\"\\\"}}]}]}]},{\\\"name\\\":\\\"Sponsors\\\",\\\"type\\\":\\\"section\\\",\\\"props\\\":{\\\"style\\\":\\\"default\\\",\\\"width\\\":\\\"default\\\",\\\"image_size\\\":\\\"contain\\\",\\\"padding\\\":\\\"xlarge\\\",\\\"image\\\":\\\"images\\\\\\/yootheme\\\\\\/home-sponsors-bg.svg\\\",\\\"image_position\\\":\\\"bottom-right\\\",\\\"image_visibility\\\":\\\"s\\\",\\\"animation\\\":\\\"slide-bottom-medium\\\",\\\"animation_delay\\\":true,\\\"vertical_align\\\":\\\"middle\\\",\\\"title_position\\\":\\\"top-left\\\",\\\"title_rotation\\\":\\\"left\\\",\\\"title_breakpoint\\\":\\\"xl\\\",\\\"image_effect\\\":\\\"\\\"},\\\"children\\\":[{\\\"name\\\":\\\"\\\",\\\"type\\\":\\\"row\\\",\\\"props\\\":{\\\"fixed_width\\\":\\\"large\\\",\\\"breakpoint\\\":\\\"m\\\",\\\"layout\\\":\\\"1-1\\\"},\\\"children\\\":[{\\\"name\\\":\\\"\\\",\\\"type\\\":\\\"column\\\",\\\"props\\\":{\\\"image_position\\\":\\\"center-center\\\",\\\"widths\\\":[\\\"1-1\\\"],\\\"media_overlay_gradient\\\":\\\"\\\"},\\\"children\\\":[{\\\"name\\\":\\\"\\\",\\\"type\\\":\\\"headline\\\",\\\"props\\\":{\\\"title_element\\\":\\\"h2\\\",\\\"content\\\":\\\"2019\\\",\\\"title_style\\\":\\\"heading-xlarge\\\",\\\"class\\\":\\\"\\\",\\\"maxwidth\\\":\\\"\\\",\\\"title_color\\\":\\\"background\\\",\\\"title_decoration\\\":\\\"\\\",\\\"title_font_family\\\":\\\"\\\",\\\"position\\\":\\\"\\\",\\\"position_z_index\\\":\\\"\\\",\\\"margin\\\":\\\"\\\",\\\"maxwidth_breakpoint\\\":\\\"\\\",\\\"block_align\\\":\\\"\\\",\\\"block_align_breakpoint\\\":\\\"\\\",\\\"block_align_fallback\\\":\\\"\\\",\\\"text_align\\\":\\\"\\\",\\\"text_align_breakpoint\\\":\\\"\\\",\\\"text_align_fallback\\\":\\\"\\\",\\\"animation\\\":\\\"\\\",\\\"visibility\\\":\\\"\\\"}}]}]},{\\\"name\\\":\\\"\\\",\\\"type\\\":\\\"row\\\",\\\"props\\\":{\\\"fixed_width\\\":\\\"large\\\",\\\"breakpoint\\\":\\\"m\\\",\\\"layout\\\":\\\",2-3\\\",\\\"gutter\\\":\\\"large\\\",\\\"margin\\\":\\\"remove-vertical\\\"},\\\"children\\\":[{\\\"name\\\":\\\"\\\",\\\"type\\\":\\\"column\\\",\\\"props\\\":{\\\"image_position\\\":\\\"center-center\\\",\\\"widths\\\":[\\\"\\\"],\\\"media_overlay_gradient\\\":\\\"\\\"},\\\"children\\\":[{\\\"name\\\":\\\"\\\",\\\"type\\\":\\\"headline\\\",\\\"props\\\":{\\\"title_element\\\":\\\"h2\\\",\\\"content\\\":\\\"Sponsors\\\",\\\"title_decoration\\\":\\\"\\\",\\\"title_style\\\":\\\"heading-small\\\",\\\"maxwidth\\\":\\\"\\\"}},{\\\"name\\\":\\\"\\\",\\\"type\\\":\\\"divider\\\",\\\"props\\\":{\\\"divider_element\\\":\\\"hr\\\",\\\"divider_style\\\":\\\"small\\\"}},{\\\"name\\\":\\\"\\\",\\\"type\\\":\\\"text\\\",\\\"props\\\":{\\\"column_breakpoint\\\":\\\"m\\\",\\\"margin\\\":\\\"large\\\",\\\"content\\\":\\\"<p>An event the size of Youth Nationals would not be possible without sponsors.<\\\\\\/p>\\\",\\\"text_style\\\":\\\"\\\",\\\"text_color\\\":\\\"\\\",\\\"text_size\\\":\\\"\\\",\\\"column\\\":\\\"\\\",\\\"position\\\":\\\"\\\",\\\"position_z_index\\\":\\\"\\\",\\\"maxwidth\\\":\\\"\\\",\\\"maxwidth_breakpoint\\\":\\\"\\\",\\\"block_align\\\":\\\"\\\",\\\"block_align_breakpoint\\\":\\\"\\\",\\\"block_align_fallback\\\":\\\"\\\",\\\"text_align\\\":\\\"\\\",\\\"text_align_breakpoint\\\":\\\"\\\",\\\"text_align_fallback\\\":\\\"\\\",\\\"animation\\\":\\\"\\\",\\\"visibility\\\":\\\"\\\"}},{\\\"name\\\":\\\"\\\",\\\"type\\\":\\\"button\\\",\\\"props\\\":{\\\"gutter\\\":\\\"small\\\",\\\"margin\\\":\\\"\\\",\\\"button_size\\\":\\\"large\\\",\\\"position\\\":\\\"\\\",\\\"position_z_index\\\":\\\"\\\",\\\"maxwidth\\\":\\\"\\\",\\\"maxwidth_breakpoint\\\":\\\"\\\",\\\"block_align\\\":\\\"\\\",\\\"block_align_breakpoint\\\":\\\"\\\",\\\"block_align_fallback\\\":\\\"\\\",\\\"text_align\\\":\\\"\\\",\\\"text_align_breakpoint\\\":\\\"\\\",\\\"text_align_fallback\\\":\\\"\\\",\\\"animation\\\":\\\"\\\",\\\"visibility\\\":\\\"\\\"},\\\"children\\\":[{\\\"name\\\":\\\"\\\",\\\"type\\\":\\\"button_item\\\",\\\"props\\\":{\\\"button_style\\\":\\\"primary\\\",\\\"icon_align\\\":\\\"left\\\",\\\"content\\\":\\\"Become a sponsor\\\",\\\"link\\\":\\\"index.php?option=com_content&view=article&id=40&catid=2\\\",\\\"link_title\\\":\\\"Sponsors\\\",\\\"link_target\\\":\\\"\\\"}}]}]},{\\\"name\\\":\\\"\\\",\\\"type\\\":\\\"column\\\",\\\"props\\\":{\\\"image_position\\\":\\\"center-center\\\",\\\"widths\\\":[\\\"2-3\\\"],\\\"media_overlay_gradient\\\":\\\"\\\"},\\\"children\\\":[{\\\"name\\\":\\\"\\\",\\\"type\\\":\\\"grid\\\",\\\"props\\\":{\\\"show_title\\\":true,\\\"show_meta\\\":true,\\\"show_content\\\":true,\\\"show_image\\\":true,\\\"show_link\\\":true,\\\"grid_default\\\":\\\"2\\\",\\\"grid_medium\\\":\\\"3\\\",\\\"title_element\\\":\\\"h3\\\",\\\"meta_style\\\":\\\"meta\\\",\\\"meta_align\\\":\\\"below-title\\\",\\\"icon_ratio\\\":4,\\\"image_align\\\":\\\"top\\\",\\\"image_grid_width\\\":\\\"1-2\\\",\\\"image_breakpoint\\\":\\\"m\\\",\\\"link_text\\\":\\\"Read more\\\",\\\"link_style\\\":\\\"default\\\",\\\"margin\\\":\\\"default\\\",\\\"text_align\\\":\\\"left\\\",\\\"grid_small\\\":\\\"\\\",\\\"filter_style\\\":\\\"tab\\\",\\\"filter_all\\\":true,\\\"filter_position\\\":\\\"top\\\",\\\"filter_align\\\":\\\"left\\\",\\\"filter_grid_width\\\":\\\"auto\\\",\\\"filter_breakpoint\\\":\\\"m\\\",\\\"title_align\\\":\\\"top\\\",\\\"title_grid_width\\\":\\\"1-2\\\",\\\"title_breakpoint\\\":\\\"m\\\",\\\"image_svg_color\\\":\\\"emphasis\\\",\\\"item_animation\\\":\\\"\\\",\\\"title_hover_style\\\":\\\"reset\\\",\\\"gutter\\\":\\\"\\\",\\\"grid_large\\\":\\\"\\\",\\\"grid_xlarge\\\":\\\"\\\",\\\"filter_margin\\\":\\\"\\\",\\\"filter_gutter\\\":\\\"\\\",\\\"title_display\\\":\\\"\\\",\\\"content_display\\\":\\\"\\\",\\\"panel_style\\\":\\\"\\\",\\\"panel_content_padding\\\":\\\"\\\",\\\"panel_size\\\":\\\"\\\",\\\"item_maxwidth\\\":\\\"\\\",\\\"title_style\\\":\\\"\\\",\\\"title_decoration\\\":\\\"\\\",\\\"title_font_family\\\":\\\"\\\",\\\"title_color\\\":\\\"\\\",\\\"title_gutter\\\":\\\"\\\",\\\"title_margin\\\":\\\"\\\",\\\"meta_color\\\":\\\"\\\",\\\"meta_margin\\\":\\\"\\\",\\\"content_style\\\":\\\"\\\",\\\"content_margin\\\":\\\"\\\",\\\"image_transition\\\":\\\"\\\",\\\"image_border\\\":\\\"\\\",\\\"image_box_shadow\\\":\\\"\\\",\\\"image_hover_box_shadow\\\":\\\"\\\",\\\"image_box_decoration\\\":\\\"\\\",\\\"icon_color\\\":\\\"\\\",\\\"image_gutter\\\":\\\"\\\",\\\"image_margin\\\":\\\"\\\",\\\"link_type\\\":\\\"\\\",\\\"link_size\\\":\\\"\\\",\\\"link_margin\\\":\\\"\\\",\\\"position\\\":\\\"\\\",\\\"position_z_index\\\":\\\"\\\",\\\"maxwidth\\\":\\\"\\\",\\\"maxwidth_breakpoint\\\":\\\"\\\",\\\"block_align\\\":\\\"\\\",\\\"block_align_breakpoint\\\":\\\"\\\",\\\"block_align_fallback\\\":\\\"\\\",\\\"text_align_breakpoint\\\":\\\"\\\",\\\"text_align_fallback\\\":\\\"\\\",\\\"visibility\\\":\\\"\\\"},\\\"children\\\":[{\\\"name\\\":\\\"\\\",\\\"type\\\":\\\"grid_item\\\",\\\"props\\\":{\\\"image\\\":\\\"images\\\\\\/logos\\\\\\/sas-logo.png\\\",\\\"content\\\":\\\"\\\",\\\"meta\\\":\\\"\\\",\\\"title\\\":\\\"\\\"}},{\\\"name\\\":\\\"\\\",\\\"type\\\":\\\"grid_item\\\",\\\"props\\\":{\\\"image\\\":\\\"images\\\\\\/logos\\\\\\/dep_cul_aff.png\\\",\\\"content\\\":\\\"\\\",\\\"meta\\\":\\\"\\\",\\\"title\\\":\\\"\\\"}},{\\\"name\\\":\\\"\\\",\\\"type\\\":\\\"grid_item\\\",\\\"props\\\":{\\\"image\\\":\\\"images\\\\\\/logos\\\\\\/tsa_logo.png\\\",\\\"content\\\":\\\"\\\",\\\"meta\\\":\\\"\\\",\\\"title\\\":\\\"\\\"}},{\\\"type\\\":\\\"grid_item\\\",\\\"props\\\":{\\\"title\\\":\\\"\\\",\\\"image\\\":\\\"images\\\\\\/logos\\\\\\/overberg_sailing_federation.png\\\"}},{\\\"type\\\":\\\"grid_item\\\",\\\"props\\\":{\\\"image\\\":\\\"images\\\\\\/logos\\\\\\/intrasure.png\\\"}},{\\\"name\\\":\\\"\\\",\\\"type\\\":\\\"grid_item\\\",\\\"props\\\":{\\\"image\\\":\\\"images\\\\\\/logos\\\\\\/ullman_sails_logo.png\\\",\\\"content\\\":\\\"\\\",\\\"meta\\\":\\\"\\\",\\\"title\\\":\\\"\\\"}},{\\\"type\\\":\\\"grid_item\\\",\\\"props\\\":{\\\"image\\\":\\\"images\\\\\\/logos\\\\\\/nsri_logo.png\\\"}},{\\\"type\\\":\\\"grid_item\\\",\\\"props\\\":{\\\"image\\\":\\\"images\\\\\\/logos\\\\\\/garden_route_sailing.jpg\\\"}},{\\\"type\\\":\\\"grid_item\\\",\\\"props\\\":{\\\"image\\\":\\\"images\\\\\\/logos\\\\\\/cokecola_logo.jpg\\\"}},{\\\"type\\\":\\\"grid_item\\\",\\\"props\\\":{\\\"image\\\":\\\"images\\\\\\/logos\\\\\\/stettyn_logo.jpg\\\"}}]}]}]}]},{\\\"name\\\":\\\"Get your ticket\\\",\\\"type\\\":\\\"section\\\",\\\"props\\\":{\\\"style\\\":\\\"primary\\\",\\\"width\\\":\\\"default\\\",\\\"image_size\\\":\\\"cover\\\",\\\"padding\\\":\\\"large\\\",\\\"animation\\\":\\\"slide-bottom-medium\\\",\\\"animation_delay\\\":true,\\\"image\\\":\\\"\\\",\\\"text_color\\\":\\\"\\\",\\\"image_fixed\\\":false,\\\"image_position\\\":\\\"center-center\\\",\\\"vertical_align\\\":\\\"middle\\\",\\\"title_position\\\":\\\"top-left\\\",\\\"title_rotation\\\":\\\"left\\\",\\\"title_breakpoint\\\":\\\"xl\\\",\\\"height\\\":\\\"\\\",\\\"header_transparent\\\":\\\"\\\",\\\"image_effect\\\":\\\"\\\"},\\\"children\\\":[{\\\"name\\\":\\\"\\\",\\\"type\\\":\\\"row\\\",\\\"props\\\":{\\\"fixed_width\\\":\\\"xlarge\\\",\\\"breakpoint\\\":\\\"m\\\",\\\"layout\\\":\\\"fixed,\\\",\\\"vertical_align\\\":true,\\\"order_last\\\":false,\\\"gutter\\\":\\\"\\\",\\\"width\\\":\\\"\\\",\\\"height\\\":\\\"\\\",\\\"margin\\\":\\\"\\\"},\\\"children\\\":[{\\\"name\\\":\\\"\\\",\\\"type\\\":\\\"column\\\",\\\"props\\\":{\\\"image_position\\\":\\\"center-center\\\",\\\"widths\\\":[\\\"fixed\\\"],\\\"vertical_align\\\":\\\"middle\\\",\\\"style\\\":\\\"\\\",\\\"text_color\\\":\\\"\\\",\\\"padding\\\":\\\"\\\",\\\"media_overlay_gradient\\\":\\\"\\\"},\\\"children\\\":[{\\\"name\\\":\\\"\\\",\\\"type\\\":\\\"headline\\\",\\\"props\\\":{\\\"title_element\\\":\\\"h2\\\",\\\"title_style\\\":\\\"heading-medium\\\",\\\"content\\\":\\\"Enter the Event\\\",\\\"text_align\\\":\\\"left\\\",\\\"text_align_breakpoint\\\":\\\"m\\\",\\\"text_align_fallback\\\":\\\"center\\\",\\\"title_decoration\\\":\\\"\\\",\\\"title_font_family\\\":\\\"\\\",\\\"title_color\\\":\\\"\\\",\\\"position\\\":\\\"\\\",\\\"position_z_index\\\":\\\"\\\",\\\"margin\\\":\\\"\\\",\\\"maxwidth\\\":\\\"\\\",\\\"maxwidth_breakpoint\\\":\\\"\\\",\\\"block_align\\\":\\\"\\\",\\\"block_align_breakpoint\\\":\\\"\\\",\\\"block_align_fallback\\\":\\\"\\\",\\\"animation\\\":\\\"\\\",\\\"visibility\\\":\\\"\\\"}},{\\\"name\\\":\\\"\\\",\\\"type\\\":\\\"text\\\",\\\"props\\\":{\\\"column_breakpoint\\\":\\\"m\\\",\\\"margin\\\":\\\"default\\\",\\\"content\\\":\\\"<p>We look forward to receiving your entry, please click on the button below to enter the 2019 Youth Nationals online.<\\\\\\/p>\\\",\\\"class\\\":\\\"\\\",\\\"text_style\\\":\\\"lead\\\",\\\"text_align\\\":\\\"left\\\",\\\"text_align_breakpoint\\\":\\\"m\\\",\\\"text_align_fallback\\\":\\\"center\\\",\\\"text_color\\\":\\\"\\\",\\\"text_size\\\":\\\"\\\",\\\"column\\\":\\\"\\\",\\\"position\\\":\\\"\\\",\\\"position_z_index\\\":\\\"\\\",\\\"maxwidth\\\":\\\"\\\",\\\"maxwidth_breakpoint\\\":\\\"\\\",\\\"block_align\\\":\\\"\\\",\\\"block_align_breakpoint\\\":\\\"\\\",\\\"block_align_fallback\\\":\\\"\\\",\\\"animation\\\":\\\"\\\",\\\"visibility\\\":\\\"\\\"}},{\\\"name\\\":\\\"\\\",\\\"type\\\":\\\"button\\\",\\\"props\\\":{\\\"gutter\\\":\\\"small\\\",\\\"margin\\\":\\\"large\\\",\\\"button_size\\\":\\\"large\\\",\\\"text_align\\\":\\\"left\\\",\\\"text_align_breakpoint\\\":\\\"m\\\",\\\"text_align_fallback\\\":\\\"center\\\",\\\"position\\\":\\\"\\\",\\\"position_z_index\\\":\\\"\\\",\\\"maxwidth\\\":\\\"\\\",\\\"maxwidth_breakpoint\\\":\\\"\\\",\\\"block_align\\\":\\\"\\\",\\\"block_align_breakpoint\\\":\\\"\\\",\\\"block_align_fallback\\\":\\\"\\\",\\\"animation\\\":\\\"\\\",\\\"visibility\\\":\\\"\\\"},\\\"children\\\":[{\\\"name\\\":\\\"\\\",\\\"type\\\":\\\"button_item\\\",\\\"props\\\":{\\\"button_style\\\":\\\"primary\\\",\\\"icon_align\\\":\\\"left\\\",\\\"content\\\":\\\"Enter Online\\\",\\\"link\\\":\\\"https:\\\\\\/\\\\\\/www.revolutionise.com.au\\\\\\/theewatersports\\\\\\/events\\\\\\/55541\\\\\\/\\\",\\\"link_target\\\":\\\"\\\"}}]}]},{\\\"name\\\":\\\"\\\",\\\"type\\\":\\\"column\\\",\\\"props\\\":{\\\"image_position\\\":\\\"center-center\\\",\\\"widths\\\":[\\\"\\\"],\\\"vertical_align\\\":\\\"middle\\\",\\\"style\\\":\\\"\\\",\\\"text_color\\\":\\\"\\\",\\\"padding\\\":\\\"\\\",\\\"media_overlay_gradient\\\":\\\"\\\"},\\\"children\\\":[{\\\"name\\\":\\\"\\\",\\\"type\\\":\\\"image\\\",\\\"props\\\":{\\\"margin\\\":\\\"default\\\",\\\"image\\\":\\\"images\\\\\\/site\\\\\\/2019_youth_nationals_ticket.jpg\\\",\\\"text_align\\\":\\\"center\\\",\\\"text_align_breakpoint\\\":\\\"\\\",\\\"text_align_fallback\\\":\\\"\\\",\\\"image_svg_color\\\":\\\"emphasis\\\",\\\"link_target\\\":\\\"\\\",\\\"image_border\\\":\\\"\\\",\\\"image_box_shadow\\\":\\\"\\\",\\\"image_hover_box_shadow\\\":\\\"\\\",\\\"image_box_decoration\\\":\\\"\\\",\\\"position\\\":\\\"\\\",\\\"position_z_index\\\":\\\"\\\",\\\"maxwidth\\\":\\\"\\\",\\\"maxwidth_breakpoint\\\":\\\"\\\",\\\"block_align\\\":\\\"\\\",\\\"block_align_breakpoint\\\":\\\"\\\",\\\"block_align_fallback\\\":\\\"\\\",\\\"animation\\\":\\\"\\\",\\\"visibility\\\":\\\"\\\"}}]}]}]},{\\\"name\\\":\\\"Past events\\\",\\\"type\\\":\\\"section\\\",\\\"props\\\":{\\\"style\\\":\\\"default\\\",\\\"width\\\":\\\"default\\\",\\\"image_position\\\":\\\"center-center\\\",\\\"padding\\\":\\\"large\\\",\\\"vertical_align\\\":\\\"middle\\\",\\\"title_position\\\":\\\"top-left\\\",\\\"title_rotation\\\":\\\"left\\\",\\\"title_breakpoint\\\":\\\"xl\\\",\\\"image_effect\\\":\\\"\\\"},\\\"children\\\":[{\\\"name\\\":\\\"\\\",\\\"type\\\":\\\"row\\\",\\\"props\\\":{\\\"fixed_width\\\":\\\"medium\\\",\\\"breakpoint\\\":\\\"l\\\",\\\"layout\\\":\\\",3-4\\\",\\\"match\\\":false,\\\"vertical_align\\\":true,\\\"gutter\\\":\\\"\\\",\\\"width\\\":\\\"\\\",\\\"width_expand\\\":\\\"\\\",\\\"height\\\":\\\"\\\",\\\"margin\\\":\\\"\\\"},\\\"children\\\":[{\\\"name\\\":\\\"\\\",\\\"type\\\":\\\"column\\\",\\\"props\\\":{\\\"image_position\\\":\\\"center-center\\\",\\\"widths\\\":[\\\"\\\"],\\\"vertical_align\\\":\\\"middle\\\",\\\"media_overlay_gradient\\\":\\\"\\\"},\\\"children\\\":[{\\\"name\\\":\\\"\\\",\\\"type\\\":\\\"headline\\\",\\\"props\\\":{\\\"title_element\\\":\\\"h2\\\",\\\"content\\\":\\\"Past Events\\\",\\\"margin\\\":\\\"\\\",\\\"title_style\\\":\\\"heading-small\\\"}},{\\\"name\\\":\\\"\\\",\\\"type\\\":\\\"divider\\\",\\\"props\\\":{\\\"divider_element\\\":\\\"hr\\\",\\\"divider_style\\\":\\\"small\\\",\\\"margin\\\":\\\"\\\"}}]},{\\\"name\\\":\\\"\\\",\\\"type\\\":\\\"column\\\",\\\"props\\\":{\\\"image_position\\\":\\\"center-center\\\",\\\"widths\\\":[\\\"3-4\\\"],\\\"vertical_align\\\":\\\"middle\\\",\\\"media_overlay_gradient\\\":\\\"\\\"},\\\"children\\\":[{\\\"type\\\":\\\"grid\\\",\\\"props\\\":{\\\"show_title\\\":true,\\\"show_meta\\\":true,\\\"show_content\\\":true,\\\"show_image\\\":true,\\\"show_link\\\":true,\\\"grid_default\\\":\\\"1\\\",\\\"grid_medium\\\":\\\"3\\\",\\\"filter_style\\\":\\\"tab\\\",\\\"filter_all\\\":true,\\\"filter_position\\\":\\\"top\\\",\\\"filter_align\\\":\\\"left\\\",\\\"filter_grid_width\\\":\\\"auto\\\",\\\"filter_breakpoint\\\":\\\"m\\\",\\\"title_element\\\":\\\"h3\\\",\\\"title_align\\\":\\\"top\\\",\\\"title_grid_width\\\":\\\"1-2\\\",\\\"title_breakpoint\\\":\\\"m\\\",\\\"meta_style\\\":\\\"meta\\\",\\\"meta_align\\\":\\\"below-title\\\",\\\"icon_ratio\\\":4,\\\"image_align\\\":\\\"top\\\",\\\"image_grid_width\\\":\\\"1-2\\\",\\\"image_breakpoint\\\":\\\"m\\\",\\\"image_svg_color\\\":\\\"emphasis\\\",\\\"link_text\\\":\\\"Read more\\\",\\\"link_style\\\":\\\"default\\\",\\\"margin\\\":\\\"default\\\",\\\"item_animation\\\":\\\"\\\",\\\"gutter\\\":\\\"\\\",\\\"grid_small\\\":\\\"2\\\",\\\"grid_large\\\":\\\"\\\",\\\"grid_xlarge\\\":\\\"\\\",\\\"filter_margin\\\":\\\"\\\",\\\"filter_gutter\\\":\\\"\\\",\\\"title_display\\\":\\\"\\\",\\\"content_display\\\":\\\"\\\",\\\"panel_style\\\":\\\"\\\",\\\"panel_content_padding\\\":\\\"\\\",\\\"panel_size\\\":\\\"\\\",\\\"item_maxwidth\\\":\\\"\\\",\\\"title_style\\\":\\\"\\\",\\\"title_decoration\\\":\\\"\\\",\\\"title_color\\\":\\\"primary\\\",\\\"title_gutter\\\":\\\"\\\",\\\"title_margin\\\":\\\"\\\",\\\"meta_color\\\":\\\"\\\",\\\"meta_margin\\\":\\\"\\\",\\\"content_style\\\":\\\"\\\",\\\"content_margin\\\":\\\"\\\",\\\"image_border\\\":\\\"\\\",\\\"image_box_shadow\\\":\\\"\\\",\\\"image_hover_box_shadow\\\":\\\"\\\",\\\"image_box_decoration\\\":\\\"\\\",\\\"icon_color\\\":\\\"\\\",\\\"image_gutter\\\":\\\"\\\",\\\"image_margin\\\":\\\"\\\",\\\"link_type\\\":\\\"content\\\",\\\"link_size\\\":\\\"\\\",\\\"link_margin\\\":\\\"\\\",\\\"text_align\\\":\\\"right\\\",\\\"text_align_breakpoint\\\":\\\"m\\\",\\\"text_align_fallback\\\":\\\"right\\\",\\\"maxwidth\\\":\\\"\\\",\\\"maxwidth_breakpoint\\\":\\\"\\\",\\\"visibility\\\":\\\"\\\",\\\"block_align\\\":\\\"\\\",\\\"title_hover_style\\\":\\\"reset\\\",\\\"title_font_family\\\":\\\"\\\",\\\"image_transition\\\":\\\"\\\",\\\"position\\\":\\\"\\\",\\\"position_z_index\\\":\\\"\\\",\\\"block_align_breakpoint\\\":\\\"\\\",\\\"block_align_fallback\\\":\\\"\\\"},\\\"children\\\":[{\\\"type\\\":\\\"grid_item\\\",\\\"props\\\":{\\\"title\\\":\\\"Stilbaai Yacht Club 2018\\\",\\\"link\\\":\\\"https:\\\\\\/\\\\\\/pa8030.wixsite.com\\\\\\/youthnationals\\\"}}]}]}]}]}],\\\"props\\\":[],\\\"version\\\":\\\"1.21.10\\\"} -->\",\"state\":\"1\",\"catid\":\"2\",\"created\":\"2019-09-13 13:06:56\",\"created_by\":\"141\",\"created_by_alias\":\"\",\"modified\":\"2019-12-13 08:51:52\",\"modified_by\":\"141\",\"checked_out\":\"0\",\"checked_out_time\":\"0000-00-00 00:00:00\",\"publish_up\":\"2019-09-13 13:06:56\",\"publish_down\":\"0000-00-00 00:00:00\",\"images\":\"{\\\"image_intro\\\":\\\"\\\",\\\"float_intro\\\":\\\"\\\",\\\"image_intro_alt\\\":\\\"\\\",\\\"image_intro_caption\\\":\\\"\\\",\\\"image_fulltext\\\":\\\"\\\",\\\"float_fulltext\\\":\\\"\\\",\\\"image_fulltext_alt\\\":\\\"\\\",\\\"image_fulltext_caption\\\":\\\"\\\"}\",\"urls\":\"{\\\"urla\\\":false,\\\"urlatext\\\":\\\"\\\",\\\"targeta\\\":\\\"\\\",\\\"urlb\\\":false,\\\"urlbtext\\\":\\\"\\\",\\\"targetb\\\":\\\"\\\",\\\"urlc\\\":false,\\\"urlctext\\\":\\\"\\\",\\\"targetc\\\":\\\"\\\"}\",\"attribs\":\"{\\\"show_title\\\":\\\"\\\",\\\"link_titles\\\":\\\"\\\",\\\"show_tags\\\":\\\"\\\",\\\"show_intro\\\":\\\"\\\",\\\"info_block_position\\\":\\\"\\\",\\\"info_block_show_title\\\":\\\"\\\",\\\"show_category\\\":\\\"\\\",\\\"link_category\\\":\\\"\\\",\\\"show_parent_category\\\":\\\"\\\",\\\"link_parent_category\\\":\\\"\\\",\\\"show_author\\\":\\\"\\\",\\\"link_author\\\":\\\"\\\",\\\"show_create_date\\\":\\\"\\\",\\\"show_modify_date\\\":\\\"\\\",\\\"show_publish_date\\\":\\\"\\\",\\\"show_item_navigation\\\":\\\"\\\",\\\"show_icons\\\":\\\"\\\",\\\"show_print_icon\\\":\\\"\\\",\\\"show_email_icon\\\":\\\"\\\",\\\"show_vote\\\":\\\"\\\",\\\"show_hits\\\":\\\"\\\",\\\"show_noauth\\\":\\\"\\\",\\\"urls_position\\\":\\\"\\\",\\\"alternative_readmore\\\":\\\"\\\",\\\"article_layout\\\":\\\"\\\",\\\"show_publishing_options\\\":\\\"\\\",\\\"show_article_options\\\":\\\"\\\",\\\"show_urls_images_backend\\\":\\\"\\\",\\\"show_urls_images_frontend\\\":\\\"\\\"}\",\"version\":44,\"ordering\":\"19\",\"metakey\":\"\",\"metadesc\":\"\",\"access\":\"1\",\"hits\":\"2263\",\"metadata\":\"{\\\"robots\\\":\\\"\\\",\\\"author\\\":\\\"\\\",\\\"rights\\\":\\\"\\\",\\\"xreference\\\":\\\"\\\"}\",\"featured\":\"0\",\"language\":\"*\",\"xreference\":\"\",\"note\":\"\"}',0),(176,53,1,'','2019-12-16 20:15:26',141,1842,'590e7185aedf32fbb69092f49eb0a544f20e7931','{\"id\":53,\"asset_id\":139,\"title\":\"Provisional Results\",\"alias\":\"provisional-results\",\"introtext\":\"<p>{pdf=images\\/regatta\\/yn19resultsday2.pdf|100%|400|native}<\\/p>\",\"fulltext\":\"\",\"state\":1,\"catid\":\"2\",\"created\":\"2019-12-16 20:15:26\",\"created_by\":\"141\",\"created_by_alias\":\"\",\"modified\":\"2019-12-16 20:15:26\",\"modified_by\":null,\"checked_out\":null,\"checked_out_time\":null,\"publish_up\":\"2019-12-16 20:15:26\",\"publish_down\":\"0000-00-00 00:00:00\",\"images\":\"{\\\"image_intro\\\":\\\"\\\",\\\"float_intro\\\":\\\"\\\",\\\"image_intro_alt\\\":\\\"\\\",\\\"image_intro_caption\\\":\\\"\\\",\\\"image_fulltext\\\":\\\"\\\",\\\"float_fulltext\\\":\\\"\\\",\\\"image_fulltext_alt\\\":\\\"\\\",\\\"image_fulltext_caption\\\":\\\"\\\"}\",\"urls\":\"{\\\"urla\\\":false,\\\"urlatext\\\":\\\"\\\",\\\"targeta\\\":\\\"\\\",\\\"urlb\\\":false,\\\"urlbtext\\\":\\\"\\\",\\\"targetb\\\":\\\"\\\",\\\"urlc\\\":false,\\\"urlctext\\\":\\\"\\\",\\\"targetc\\\":\\\"\\\"}\",\"attribs\":\"{\\\"article_layout\\\":\\\"\\\",\\\"show_title\\\":\\\"\\\",\\\"link_titles\\\":\\\"\\\",\\\"show_tags\\\":\\\"\\\",\\\"show_intro\\\":\\\"\\\",\\\"info_block_position\\\":\\\"\\\",\\\"info_block_show_title\\\":\\\"\\\",\\\"show_category\\\":\\\"\\\",\\\"link_category\\\":\\\"\\\",\\\"show_parent_category\\\":\\\"\\\",\\\"link_parent_category\\\":\\\"\\\",\\\"show_associations\\\":\\\"\\\",\\\"show_author\\\":\\\"\\\",\\\"link_author\\\":\\\"\\\",\\\"show_create_date\\\":\\\"\\\",\\\"show_modify_date\\\":\\\"\\\",\\\"show_publish_date\\\":\\\"\\\",\\\"show_item_navigation\\\":\\\"\\\",\\\"show_icons\\\":\\\"\\\",\\\"show_print_icon\\\":\\\"\\\",\\\"show_email_icon\\\":\\\"\\\",\\\"show_vote\\\":\\\"\\\",\\\"show_hits\\\":\\\"\\\",\\\"show_noauth\\\":\\\"\\\",\\\"urls_position\\\":\\\"\\\",\\\"alternative_readmore\\\":\\\"\\\",\\\"article_page_title\\\":\\\"\\\",\\\"show_publishing_options\\\":\\\"\\\",\\\"show_article_options\\\":\\\"\\\",\\\"show_urls_images_backend\\\":\\\"\\\",\\\"show_urls_images_frontend\\\":\\\"\\\"}\",\"version\":1,\"ordering\":null,\"metakey\":\"\",\"metadesc\":\"\",\"access\":\"1\",\"hits\":null,\"metadata\":\"{\\\"robots\\\":\\\"\\\",\\\"author\\\":\\\"\\\",\\\"rights\\\":\\\"\\\",\\\"xreference\\\":\\\"\\\"}\",\"featured\":\"0\",\"language\":\"*\",\"xreference\":\"\",\"note\":\"\"}',0),(177,53,1,'','2019-12-18 10:03:03',141,1863,'58546a358b84be85e61428acc203d3aae029b1fa','{\"id\":53,\"asset_id\":\"139\",\"title\":\"Provisional Results\",\"alias\":\"provisional-results\",\"introtext\":\"<p>{pdf=images\\/regatta\\/yn19resultsday4.pdf|100%|400|native}<\\/p>\",\"fulltext\":\"\",\"state\":1,\"catid\":\"2\",\"created\":\"2019-12-16 20:15:26\",\"created_by\":\"141\",\"created_by_alias\":\"\",\"modified\":\"2019-12-18 10:03:03\",\"modified_by\":\"141\",\"checked_out\":\"141\",\"checked_out_time\":\"2019-12-18 10:02:51\",\"publish_up\":\"2019-12-16 20:15:26\",\"publish_down\":\"0000-00-00 00:00:00\",\"images\":\"{\\\"image_intro\\\":\\\"\\\",\\\"float_intro\\\":\\\"\\\",\\\"image_intro_alt\\\":\\\"\\\",\\\"image_intro_caption\\\":\\\"\\\",\\\"image_fulltext\\\":\\\"\\\",\\\"float_fulltext\\\":\\\"\\\",\\\"image_fulltext_alt\\\":\\\"\\\",\\\"image_fulltext_caption\\\":\\\"\\\"}\",\"urls\":\"{\\\"urla\\\":false,\\\"urlatext\\\":\\\"\\\",\\\"targeta\\\":\\\"\\\",\\\"urlb\\\":false,\\\"urlbtext\\\":\\\"\\\",\\\"targetb\\\":\\\"\\\",\\\"urlc\\\":false,\\\"urlctext\\\":\\\"\\\",\\\"targetc\\\":\\\"\\\"}\",\"attribs\":\"{\\\"article_layout\\\":\\\"\\\",\\\"show_title\\\":\\\"\\\",\\\"link_titles\\\":\\\"\\\",\\\"show_tags\\\":\\\"\\\",\\\"show_intro\\\":\\\"\\\",\\\"info_block_position\\\":\\\"\\\",\\\"info_block_show_title\\\":\\\"\\\",\\\"show_category\\\":\\\"\\\",\\\"link_category\\\":\\\"\\\",\\\"show_parent_category\\\":\\\"\\\",\\\"link_parent_category\\\":\\\"\\\",\\\"show_associations\\\":\\\"\\\",\\\"show_author\\\":\\\"\\\",\\\"link_author\\\":\\\"\\\",\\\"show_create_date\\\":\\\"\\\",\\\"show_modify_date\\\":\\\"\\\",\\\"show_publish_date\\\":\\\"\\\",\\\"show_item_navigation\\\":\\\"\\\",\\\"show_icons\\\":\\\"\\\",\\\"show_print_icon\\\":\\\"\\\",\\\"show_email_icon\\\":\\\"\\\",\\\"show_vote\\\":\\\"\\\",\\\"show_hits\\\":\\\"\\\",\\\"show_noauth\\\":\\\"\\\",\\\"urls_position\\\":\\\"\\\",\\\"alternative_readmore\\\":\\\"\\\",\\\"article_page_title\\\":\\\"\\\",\\\"show_publishing_options\\\":\\\"\\\",\\\"show_article_options\\\":\\\"\\\",\\\"show_urls_images_backend\\\":\\\"\\\",\\\"show_urls_images_frontend\\\":\\\"\\\"}\",\"version\":2,\"ordering\":\"0\",\"metakey\":\"\",\"metadesc\":\"\",\"access\":\"1\",\"hits\":\"105\",\"metadata\":\"{\\\"robots\\\":\\\"\\\",\\\"author\\\":\\\"\\\",\\\"rights\\\":\\\"\\\",\\\"xreference\\\":\\\"\\\"}\",\"featured\":\"0\",\"language\":\"*\",\"xreference\":\"\",\"note\":\"\"}',0),(178,53,1,'','2019-12-19 18:40:19',141,1863,'b6fe69484d508aaf6ddce66470ddc3e579a901bf','{\"id\":53,\"asset_id\":\"139\",\"title\":\"Provisional Results\",\"alias\":\"provisional-results\",\"introtext\":\"<p>{pdf=images\\/regatta\\/yn19resultsday5.pdf|100%|400|native}<\\/p>\",\"fulltext\":\"\",\"state\":1,\"catid\":\"2\",\"created\":\"2019-12-16 20:15:26\",\"created_by\":\"141\",\"created_by_alias\":\"\",\"modified\":\"2019-12-19 18:40:19\",\"modified_by\":\"141\",\"checked_out\":\"141\",\"checked_out_time\":\"2019-12-19 18:40:09\",\"publish_up\":\"2019-12-16 20:15:26\",\"publish_down\":\"0000-00-00 00:00:00\",\"images\":\"{\\\"image_intro\\\":\\\"\\\",\\\"float_intro\\\":\\\"\\\",\\\"image_intro_alt\\\":\\\"\\\",\\\"image_intro_caption\\\":\\\"\\\",\\\"image_fulltext\\\":\\\"\\\",\\\"float_fulltext\\\":\\\"\\\",\\\"image_fulltext_alt\\\":\\\"\\\",\\\"image_fulltext_caption\\\":\\\"\\\"}\",\"urls\":\"{\\\"urla\\\":false,\\\"urlatext\\\":\\\"\\\",\\\"targeta\\\":\\\"\\\",\\\"urlb\\\":false,\\\"urlbtext\\\":\\\"\\\",\\\"targetb\\\":\\\"\\\",\\\"urlc\\\":false,\\\"urlctext\\\":\\\"\\\",\\\"targetc\\\":\\\"\\\"}\",\"attribs\":\"{\\\"article_layout\\\":\\\"\\\",\\\"show_title\\\":\\\"\\\",\\\"link_titles\\\":\\\"\\\",\\\"show_tags\\\":\\\"\\\",\\\"show_intro\\\":\\\"\\\",\\\"info_block_position\\\":\\\"\\\",\\\"info_block_show_title\\\":\\\"\\\",\\\"show_category\\\":\\\"\\\",\\\"link_category\\\":\\\"\\\",\\\"show_parent_category\\\":\\\"\\\",\\\"link_parent_category\\\":\\\"\\\",\\\"show_associations\\\":\\\"\\\",\\\"show_author\\\":\\\"\\\",\\\"link_author\\\":\\\"\\\",\\\"show_create_date\\\":\\\"\\\",\\\"show_modify_date\\\":\\\"\\\",\\\"show_publish_date\\\":\\\"\\\",\\\"show_item_navigation\\\":\\\"\\\",\\\"show_icons\\\":\\\"\\\",\\\"show_print_icon\\\":\\\"\\\",\\\"show_email_icon\\\":\\\"\\\",\\\"show_vote\\\":\\\"\\\",\\\"show_hits\\\":\\\"\\\",\\\"show_noauth\\\":\\\"\\\",\\\"urls_position\\\":\\\"\\\",\\\"alternative_readmore\\\":\\\"\\\",\\\"article_page_title\\\":\\\"\\\",\\\"show_publishing_options\\\":\\\"\\\",\\\"show_article_options\\\":\\\"\\\",\\\"show_urls_images_backend\\\":\\\"\\\",\\\"show_urls_images_frontend\\\":\\\"\\\"}\",\"version\":3,\"ordering\":\"0\",\"metakey\":\"\",\"metadesc\":\"\",\"access\":\"1\",\"hits\":\"178\",\"metadata\":\"{\\\"robots\\\":\\\"\\\",\\\"author\\\":\\\"\\\",\\\"rights\\\":\\\"\\\",\\\"xreference\\\":\\\"\\\"}\",\"featured\":\"0\",\"language\":\"*\",\"xreference\":\"\",\"note\":\"\"}',0);

--
-- Table structure for table `mw12o_update_sites`
--

CREATE TABLE `mw12o_update_sites` (
  `update_site_id` int(11) NOT NULL AUTO_INCREMENT,
  `name` varchar(100) COLLATE utf8mb4_unicode_ci DEFAULT '',
  `type` varchar(20) COLLATE utf8mb4_unicode_ci DEFAULT '',
  `location` text COLLATE utf8mb4_unicode_ci NOT NULL,
  `enabled` int(11) DEFAULT 0,
  `last_check_timestamp` bigint(20) DEFAULT 0,
  `extra_query` varchar(1000) COLLATE utf8mb4_unicode_ci DEFAULT '',
  PRIMARY KEY (`update_site_id`)
) ENGINE=InnoDB AUTO_INCREMENT=11 DEFAULT CHARSET=utf8mb4 COLLATE=utf8mb4_unicode_ci COMMENT='Update Sites';

--
-- Dumping data for table `mw12o_update_sites`
--

INSERT INTO `mw12o_update_sites` (`update_site_id`, `name`, `type`, `location`, `enabled`, `last_check_timestamp`, `extra_query`) VALUES (1,'Joomla! Core','collection','https://update.joomla.org/core/list.xml',1,1623715512,''),(2,'Accredited Joomla! Translations','collection','https://update.joomla.org/language/translationlist_3.xml',1,1588152683,''),(3,'Joomla! Update Component Update Site','extension','https://update.joomla.org/core/extensions/com_joomlaupdate.xml',1,1588152773,''),(5,'YOOtheme Installer','extension','http://yootheme.com/api/update/installer_yootheme_j33.xml',1,1588152685,''),(6,'YOOtheme','extension','http://yootheme.com/api/update/yootheme_j33.xml',1,1588152686,''),(7,'RSForm! Pro','extension','https://www.rsjoomla.com/updates/com_rsform/Component/com_rsform.xml',1,1588152687,''),(8,'RSForm! Pro - System Plugin','extension','https://www.rsjoomla.com/updates/com_rsform/Plugins/plg_rsform.xml',1,1588152689,''),(9,'PDF Embed','collection','https://techjoomla.com/updates/stream/pdf_embed.xml?format=xml',1,1588152691,''),(10,'RSForm! Pro - Module','extension','https://www.rsjoomla.com/updates/com_rsform/Modules/mod_rsform.xml',1,1588152692,'');

--
-- Table structure for table `mw12o_update_sites_extensions`
--

CREATE TABLE `mw12o_update_sites_extensions` (
  `update_site_id` int(11) NOT NULL DEFAULT 0,
  `extension_id` int(11) NOT NULL DEFAULT 0,
  PRIMARY KEY (`update_site_id`,`extension_id`)
) ENGINE=MyISAM DEFAULT CHARSET=utf8mb4 COLLATE=utf8mb4_unicode_ci COMMENT='Links extensions to update sites';

--
-- Dumping data for table `mw12o_update_sites_extensions`
--

INSERT INTO `mw12o_update_sites_extensions` (`update_site_id`, `extension_id`) VALUES (1,700),(2,802),(3,28),(5,805),(6,807),(7,10000),(8,10004),(9,10008),(10,10009);

--
-- Table structure for table `mw12o_updates`
--

CREATE TABLE `mw12o_updates` (
  `update_id` int(11) NOT NULL AUTO_INCREMENT,
  `update_site_id` int(11) DEFAULT 0,
  `extension_id` int(11) DEFAULT 0,
  `name` varchar(100) COLLATE utf8mb4_unicode_ci DEFAULT '',
  `description` text COLLATE utf8mb4_unicode_ci NOT NULL,
  `element` varchar(100) COLLATE utf8mb4_unicode_ci DEFAULT '',
  `type` varchar(20) COLLATE utf8mb4_unicode_ci DEFAULT '',
  `folder` varchar(20) COLLATE utf8mb4_unicode_ci DEFAULT '',
  `client_id` tinyint(3) DEFAULT 0,
  `version` varchar(32) COLLATE utf8mb4_unicode_ci DEFAULT '',
  `data` text COLLATE utf8mb4_unicode_ci NOT NULL,
  `detailsurl` text COLLATE utf8mb4_unicode_ci NOT NULL,
  `infourl` text COLLATE utf8mb4_unicode_ci NOT NULL,
  `extra_query` varchar(1000) COLLATE utf8mb4_unicode_ci DEFAULT '',
  PRIMARY KEY (`update_id`)
) ENGINE=InnoDB AUTO_INCREMENT=2838 DEFAULT CHARSET=utf8mb4 COLLATE=utf8mb4_unicode_ci COMMENT='Available Updates';

--
-- Dumping data for table `mw12o_updates`
--

INSERT INTO `mw12o_updates` (`update_id`, `update_site_id`, `extension_id`, `name`, `description`, `element`, `type`, `folder`, `client_id`, `version`, `data`, `detailsurl`, `infourl`, `extra_query`) VALUES (1651,2,0,'Armenian','','pkg_hy-AM','package','',0,'3.4.4.1','','https://update.joomla.org/language/details3/hy-AM_details.xml','',''),(1652,2,0,'Malay','','pkg_ms-MY','package','',0,'3.4.1.2','','https://update.joomla.org/language/details3/ms-MY_details.xml','',''),(1653,2,0,'Romanian','','pkg_ro-RO','package','',0,'3.9.13.1','','https://update.joomla.org/language/details3/ro-RO_details.xml','',''),(1654,2,0,'Flemish','','pkg_nl-BE','package','',0,'3.9.18.1','','https://update.joomla.org/language/details3/nl-BE_details.xml','',''),(1655,2,0,'Chinese Traditional','','pkg_zh-TW','package','',0,'3.8.0.1','','https://update.joomla.org/language/details3/zh-TW_details.xml','',''),(1656,2,0,'French','','pkg_fr-FR','package','',0,'3.9.18.1','','https://update.joomla.org/language/details3/fr-FR_details.xml','',''),(1657,2,0,'Galician','','pkg_gl-ES','package','',0,'3.3.1.2','','https://update.joomla.org/language/details3/gl-ES_details.xml','',''),(1658,2,0,'Georgian','','pkg_ka-GE','package','',0,'3.9.18.1','','https://update.joomla.org/language/details3/ka-GE_details.xml','',''),(1659,2,0,'Greek','','pkg_el-GR','package','',0,'3.9.18.1','','https://update.joomla.org/language/details3/el-GR_details.xml','',''),(1660,2,0,'Japanese','','pkg_ja-JP','package','',0,'3.9.18.1','','https://update.joomla.org/language/details3/ja-JP_details.xml','',''),(1661,2,0,'Hebrew','','pkg_he-IL','package','',0,'3.1.1.2','','https://update.joomla.org/language/details3/he-IL_details.xml','',''),(1662,2,0,'Bengali','','pkg_bn-BD','package','',0,'3.8.10.1','','https://update.joomla.org/language/details3/bn-BD_details.xml','',''),(1663,2,0,'Hungarian','','pkg_hu-HU','package','',0,'3.9.12.1','','https://update.joomla.org/language/details3/hu-HU_details.xml','',''),(1664,2,0,'Afrikaans','','pkg_af-ZA','package','',0,'3.9.16.1','','https://update.joomla.org/language/details3/af-ZA_details.xml','',''),(1665,2,0,'Arabic Unitag','','pkg_ar-AA','package','',0,'3.9.15.1','','https://update.joomla.org/language/details3/ar-AA_details.xml','',''),(1666,2,0,'Belarusian','','pkg_be-BY','package','',0,'3.2.1.2','','https://update.joomla.org/language/details3/be-BY_details.xml','',''),(1667,2,0,'Bulgarian','','pkg_bg-BG','package','',0,'3.6.5.2','','https://update.joomla.org/language/details3/bg-BG_details.xml','',''),(1668,2,0,'Catalan','','pkg_ca-ES','package','',0,'3.9.11.2','','https://update.joomla.org/language/details3/ca-ES_details.xml','',''),(1669,2,0,'Chinese Simplified','','pkg_zh-CN','package','',0,'3.9.18.1','','https://update.joomla.org/language/details3/zh-CN_details.xml','',''),(1670,2,0,'Croatian','','pkg_hr-HR','package','',0,'3.9.18.1','','https://update.joomla.org/language/details3/hr-HR_details.xml','',''),(1671,2,0,'Czech','','pkg_cs-CZ','package','',0,'3.9.16.1','','https://update.joomla.org/language/details3/cs-CZ_details.xml','',''),(1672,2,0,'Danish','','pkg_da-DK','package','',0,'3.9.17.1','','https://update.joomla.org/language/details3/da-DK_details.xml','',''),(1673,2,0,'Dutch','','pkg_nl-NL','package','',0,'3.9.18.1','','https://update.joomla.org/language/details3/nl-NL_details.xml','',''),(1674,2,0,'Esperanto','','pkg_eo-XX','package','',0,'3.8.11.1','','https://update.joomla.org/language/details3/eo-XX_details.xml','',''),(1675,2,0,'Estonian','','pkg_et-EE','package','',0,'3.9.14.2','','https://update.joomla.org/language/details3/et-EE_details.xml','',''),(1676,2,0,'Italian','','pkg_it-IT','package','',0,'3.9.18.1','','https://update.joomla.org/language/details3/it-IT_details.xml','',''),(1677,2,0,'Khmer','','pkg_km-KH','package','',0,'3.4.5.1','','https://update.joomla.org/language/details3/km-KH_details.xml','',''),(1678,2,0,'Korean','','pkg_ko-KR','package','',0,'3.8.9.1','','https://update.joomla.org/language/details3/ko-KR_details.xml','',''),(1679,2,0,'Latvian','','pkg_lv-LV','package','',0,'3.7.3.1','','https://update.joomla.org/language/details3/lv-LV_details.xml','',''),(1680,2,0,'Lithuanian','','pkg_lt-LT','package','',0,'3.9.6.1','','https://update.joomla.org/language/details3/lt-LT_details.xml','',''),(1681,2,0,'Macedonian','','pkg_mk-MK','package','',0,'3.6.5.1','','https://update.joomla.org/language/details3/mk-MK_details.xml','',''),(1682,2,0,'Norwegian Bokmal','','pkg_nb-NO','package','',0,'3.8.11.1','','https://update.joomla.org/language/details3/nb-NO_details.xml','',''),(1683,2,0,'Norwegian Nynorsk','','pkg_nn-NO','package','',0,'3.4.2.1','','https://update.joomla.org/language/details3/nn-NO_details.xml','',''),(1684,2,0,'Persian','','pkg_fa-IR','package','',0,'3.9.18.1','','https://update.joomla.org/language/details3/fa-IR_details.xml','',''),(1685,2,0,'Polish','','pkg_pl-PL','package','',0,'3.9.13.1','','https://update.joomla.org/language/details3/pl-PL_details.xml','',''),(1686,2,0,'Portuguese','','pkg_pt-PT','package','',0,'3.9.15.1','','https://update.joomla.org/language/details3/pt-PT_details.xml','',''),(1687,2,0,'Russian','','pkg_ru-RU','package','',0,'3.9.18.1','','https://update.joomla.org/language/details3/ru-RU_details.xml','',''),(1688,2,0,'English AU','','pkg_en-AU','package','',0,'3.9.18.1','','https://update.joomla.org/language/details3/en-AU_details.xml','',''),(1689,2,0,'Slovak','','pkg_sk-SK','package','',0,'3.9.18.1','','https://update.joomla.org/language/details3/sk-SK_details.xml','',''),(1690,2,0,'English US','','pkg_en-US','package','',0,'3.9.18.1','','https://update.joomla.org/language/details3/en-US_details.xml','',''),(1691,2,0,'Swedish','','pkg_sv-SE','package','',0,'3.9.18.1','','https://update.joomla.org/language/details3/sv-SE_details.xml','',''),(1692,2,0,'Syriac','','pkg_sy-IQ','package','',0,'3.4.5.1','','https://update.joomla.org/language/details3/sy-IQ_details.xml','',''),(1693,2,0,'Tamil','','pkg_ta-IN','package','',0,'3.9.18.1','','https://update.joomla.org/language/details3/ta-IN_details.xml','',''),(1694,2,0,'Thai','','pkg_th-TH','package','',0,'3.9.18.1','','https://update.joomla.org/language/details3/th-TH_details.xml','',''),(1695,2,0,'Turkish','','pkg_tr-TR','package','',0,'3.9.4.1','','https://update.joomla.org/language/details3/tr-TR_details.xml','',''),(1696,2,0,'Ukrainian','','pkg_uk-UA','package','',0,'3.9.18.4','','https://update.joomla.org/language/details3/uk-UA_details.xml','',''),(1697,2,0,'Uyghur','','pkg_ug-CN','package','',0,'3.7.5.2','','https://update.joomla.org/language/details3/ug-CN_details.xml','',''),(1698,2,0,'Albanian','','pkg_sq-AL','package','',0,'3.1.1.2','','https://update.joomla.org/language/details3/sq-AL_details.xml','',''),(1699,2,0,'Basque','','pkg_eu-ES','package','',0,'3.7.5.1','','https://update.joomla.org/language/details3/eu-ES_details.xml','',''),(1700,2,0,'Hindi','','pkg_hi-IN','package','',0,'3.3.6.2','','https://update.joomla.org/language/details3/hi-IN_details.xml','',''),(1701,2,0,'German DE','','pkg_de-DE','package','',0,'3.9.18.1','','https://update.joomla.org/language/details3/de-DE_details.xml','',''),(1702,2,0,'Portuguese Brazil','','pkg_pt-BR','package','',0,'3.9.18.1','','https://update.joomla.org/language/details3/pt-BR_details.xml','',''),(1703,2,0,'Serbian Latin','','pkg_sr-YU','package','',0,'3.9.18.1','','https://update.joomla.org/language/details3/sr-YU_details.xml','',''),(1704,2,0,'Spanish','','pkg_es-ES','package','',0,'3.9.18.1','','https://update.joomla.org/language/details3/es-ES_details.xml','',''),(1705,2,0,'Bosnian','','pkg_bs-BA','package','',0,'3.9.16.1','','https://update.joomla.org/language/details3/bs-BA_details.xml','',''),(1706,2,0,'Serbian Cyrillic','','pkg_sr-RS','package','',0,'3.9.18.1','','https://update.joomla.org/language/details3/sr-RS_details.xml','',''),(1707,2,0,'Vietnamese','','pkg_vi-VN','package','',0,'3.2.1.2','','https://update.joomla.org/language/details3/vi-VN_details.xml','',''),(1708,2,0,'Bahasa Indonesia','','pkg_id-ID','package','',0,'3.6.2.1','','https://update.joomla.org/language/details3/id-ID_details.xml','',''),(1709,2,0,'Finnish','','pkg_fi-FI','package','',0,'3.9.16.1','','https://update.joomla.org/language/details3/fi-FI_details.xml','',''),(1710,2,0,'Swahili','','pkg_sw-KE','package','',0,'3.9.18.1','','https://update.joomla.org/language/details3/sw-KE_details.xml','',''),(1711,2,0,'Montenegrin','','pkg_srp-ME','package','',0,'3.3.1.2','','https://update.joomla.org/language/details3/srp-ME_details.xml','',''),(1712,2,0,'English CA','','pkg_en-CA','package','',0,'3.9.18.1','','https://update.joomla.org/language/details3/en-CA_details.xml','',''),(1713,2,0,'French CA','','pkg_fr-CA','package','',0,'3.6.5.1','','https://update.joomla.org/language/details3/fr-CA_details.xml','',''),(1714,2,0,'Welsh','','pkg_cy-GB','package','',0,'3.9.18.1','','https://update.joomla.org/language/details3/cy-GB_details.xml','',''),(1715,2,0,'Sinhala','','pkg_si-LK','package','',0,'3.3.1.2','','https://update.joomla.org/language/details3/si-LK_details.xml','',''),(1716,2,0,'Dari Persian','','pkg_prs-AF','package','',0,'3.4.4.3','','https://update.joomla.org/language/details3/prs-AF_details.xml','',''),(1717,2,0,'Turkmen','','pkg_tk-TM','package','',0,'3.5.0.2','','https://update.joomla.org/language/details3/tk-TM_details.xml','',''),(1718,2,0,'Irish','','pkg_ga-IE','package','',0,'3.8.13.1','','https://update.joomla.org/language/details3/ga-IE_details.xml','',''),(1719,2,0,'Dzongkha','','pkg_dz-BT','package','',0,'3.6.2.1','','https://update.joomla.org/language/details3/dz-BT_details.xml','',''),(1720,2,0,'Slovenian','','pkg_sl-SI','package','',0,'3.9.18.1','','https://update.joomla.org/language/details3/sl-SI_details.xml','',''),(1721,2,0,'Spanish CO','','pkg_es-CO','package','',0,'3.9.15.1','','https://update.joomla.org/language/details3/es-CO_details.xml','',''),(1722,2,0,'German CH','','pkg_de-CH','package','',0,'3.9.18.1','','https://update.joomla.org/language/details3/de-CH_details.xml','',''),(1723,2,0,'German AT','','pkg_de-AT','package','',0,'3.9.18.1','','https://update.joomla.org/language/details3/de-AT_details.xml','',''),(1724,2,0,'German LI','','pkg_de-LI','package','',0,'3.9.18.1','','https://update.joomla.org/language/details3/de-LI_details.xml','',''),(1725,2,0,'German LU','','pkg_de-LU','package','',0,'3.9.18.1','','https://update.joomla.org/language/details3/de-LU_details.xml','',''),(1726,2,0,'English NZ','','pkg_en-NZ','package','',0,'3.9.18.1','','https://update.joomla.org/language/details3/en-NZ_details.xml','',''),(1727,2,0,'Kazakh','','pkg_kk-KZ','package','',0,'3.9.17.1','','https://update.joomla.org/language/details3/kk-KZ_details.xml','',''),(1728,6,807,'YOOtheme - Joomla 3.x Template','','pkg_yootheme','package','',0,'2.0.8','','http://yootheme.com/api/update/yootheme_j33.xml','https://yootheme.com',''),(1729,7,10000,'RSForm! Pro 2.3.13','','com_rsform','component','',1,'2.3.13','','https://www.rsjoomla.com/updates/com_rsform/Component/com_rsform.xml','https://www.rsjoomla.com/support/documentation/rsform-pro/changelog/rsform-pro-changelog.html',''),(2837,1,700,'Joomla','','joomla','file','',0,'3.9.27','','https://update.joomla.org/core/sts/extension_sts.xml','','');

--
-- Table structure for table `mw12o_user_keys`
--

CREATE TABLE `mw12o_user_keys` (
  `id` int(10) unsigned NOT NULL AUTO_INCREMENT,
  `user_id` varchar(150) COLLATE utf8mb4_unicode_ci NOT NULL,
  `token` varchar(255) COLLATE utf8mb4_unicode_ci NOT NULL,
  `series` varchar(191) COLLATE utf8mb4_unicode_ci NOT NULL,
  `invalid` tinyint(4) NOT NULL,
  `time` varchar(200) COLLATE utf8mb4_unicode_ci NOT NULL,
  `uastring` varchar(255) COLLATE utf8mb4_unicode_ci NOT NULL,
  PRIMARY KEY (`id`),
  UNIQUE KEY `series` (`series`),
  KEY `user_id` (`user_id`)
) ENGINE=InnoDB DEFAULT CHARSET=utf8mb4 COLLATE=utf8mb4_unicode_ci;

--
-- Dumping data for table `mw12o_user_keys`
--


--
-- Table structure for table `mw12o_user_notes`
--

CREATE TABLE `mw12o_user_notes` (
  `id` int(10) unsigned NOT NULL AUTO_INCREMENT,
  `user_id` int(10) unsigned NOT NULL DEFAULT 0,
  `catid` int(10) unsigned NOT NULL DEFAULT 0,
  `subject` varchar(100) COLLATE utf8mb4_unicode_ci NOT NULL DEFAULT '',
  `body` text COLLATE utf8mb4_unicode_ci NOT NULL,
  `state` tinyint(3) NOT NULL DEFAULT 0,
  `checked_out` int(10) unsigned NOT NULL DEFAULT 0,
  `checked_out_time` datetime NOT NULL DEFAULT '0000-00-00 00:00:00',
  `created_user_id` int(10) unsigned NOT NULL DEFAULT 0,
  `created_time` datetime NOT NULL DEFAULT '0000-00-00 00:00:00',
  `modified_user_id` int(10) unsigned NOT NULL,
  `modified_time` datetime NOT NULL DEFAULT '0000-00-00 00:00:00',
  `review_time` datetime NOT NULL DEFAULT '0000-00-00 00:00:00',
  `publish_up` datetime NOT NULL DEFAULT '0000-00-00 00:00:00',
  `publish_down` datetime NOT NULL DEFAULT '0000-00-00 00:00:00',
  PRIMARY KEY (`id`),
  KEY `idx_user_id` (`user_id`),
  KEY `idx_category_id` (`catid`)
) ENGINE=InnoDB DEFAULT CHARSET=utf8mb4 COLLATE=utf8mb4_unicode_ci;

--
-- Dumping data for table `mw12o_user_notes`
--


--
-- Table structure for table `mw12o_user_profiles`
--

CREATE TABLE `mw12o_user_profiles` (
  `user_id` int(11) NOT NULL,
  `profile_key` varchar(100) COLLATE utf8mb4_unicode_ci NOT NULL,
  `profile_value` text COLLATE utf8mb4_unicode_ci NOT NULL,
  `ordering` int(11) NOT NULL DEFAULT 0,
  UNIQUE KEY `idx_user_id_profile_key` (`user_id`,`profile_key`)
) ENGINE=InnoDB DEFAULT CHARSET=utf8mb4 COLLATE=utf8mb4_unicode_ci COMMENT='Simple user profile storage table';

--
-- Dumping data for table `mw12o_user_profiles`
--


--
-- Table structure for table `mw12o_user_usergroup_map`
--

CREATE TABLE `mw12o_user_usergroup_map` (
  `user_id` int(10) unsigned NOT NULL DEFAULT 0 COMMENT 'Foreign Key to #__users.id',
  `group_id` int(10) unsigned NOT NULL DEFAULT 0 COMMENT 'Foreign Key to #__usergroups.id',
  PRIMARY KEY (`user_id`,`group_id`)
) ENGINE=InnoDB DEFAULT CHARSET=utf8mb4 COLLATE=utf8mb4_unicode_ci;

--
-- Dumping data for table `mw12o_user_usergroup_map`
--

INSERT INTO `mw12o_user_usergroup_map` (`user_id`, `group_id`) VALUES (141,8);

--
-- Table structure for table `mw12o_usergroups`
--

CREATE TABLE `mw12o_usergroups` (
  `id` int(10) unsigned NOT NULL AUTO_INCREMENT COMMENT 'Primary Key',
  `parent_id` int(10) unsigned NOT NULL DEFAULT 0 COMMENT 'Adjacency List Reference Id',
  `lft` int(11) NOT NULL DEFAULT 0 COMMENT 'Nested set lft.',
  `rgt` int(11) NOT NULL DEFAULT 0 COMMENT 'Nested set rgt.',
  `title` varchar(100) COLLATE utf8mb4_unicode_ci NOT NULL DEFAULT '',
  PRIMARY KEY (`id`),
  UNIQUE KEY `idx_usergroup_parent_title_lookup` (`parent_id`,`title`),
  KEY `idx_usergroup_title_lookup` (`title`),
  KEY `idx_usergroup_adjacency_lookup` (`parent_id`),
  KEY `idx_usergroup_nested_set_lookup` (`lft`,`rgt`) USING BTREE
) ENGINE=InnoDB AUTO_INCREMENT=10 DEFAULT CHARSET=utf8mb4 COLLATE=utf8mb4_unicode_ci;

--
-- Dumping data for table `mw12o_usergroups`
--

INSERT INTO `mw12o_usergroups` (`id`, `parent_id`, `lft`, `rgt`, `title`) VALUES (1,0,1,18,'Public'),(2,1,8,15,'Registered'),(3,2,9,14,'Author'),(4,3,10,13,'Editor'),(5,4,11,12,'Publisher'),(6,1,4,7,'Manager'),(7,6,5,6,'Administrator'),(8,1,16,17,'Super Users'),(9,1,2,3,'Guest');

--
-- Table structure for table `mw12o_utf8_conversion`
--

CREATE TABLE `mw12o_utf8_conversion` (
  `converted` tinyint(4) NOT NULL DEFAULT 0
) ENGINE=InnoDB DEFAULT CHARSET=utf8mb4 COLLATE=utf8mb4_unicode_ci;

--
-- Dumping data for table `mw12o_utf8_conversion`
--

INSERT INTO `mw12o_utf8_conversion` (`converted`) VALUES (4);

--
-- Table structure for table `mw12o_viewlevels`
--

CREATE TABLE `mw12o_viewlevels` (
  `id` int(10) unsigned NOT NULL AUTO_INCREMENT COMMENT 'Primary Key',
  `title` varchar(100) COLLATE utf8mb4_unicode_ci NOT NULL DEFAULT '',
  `ordering` int(11) NOT NULL DEFAULT 0,
  `rules` varchar(5120) COLLATE utf8mb4_unicode_ci NOT NULL COMMENT 'JSON encoded access control.',
  PRIMARY KEY (`id`),
  UNIQUE KEY `idx_assetgroup_title_lookup` (`title`)
) ENGINE=InnoDB AUTO_INCREMENT=7 DEFAULT CHARSET=utf8mb4 COLLATE=utf8mb4_unicode_ci;

--
-- Dumping data for table `mw12o_viewlevels`
--

INSERT INTO `mw12o_viewlevels` (`id`, `title`, `ordering`, `rules`) VALUES (1,'Public',0,'[1]'),(2,'Registered',2,'[6,2,8]'),(3,'Special',3,'[6,3,8]'),(5,'Guest',1,'[9]'),(6,'Super Users',4,'[8]');

--
-- Dumping events for database 'tsccoza_19yn'
--

--
-- Dumping routines for database 'tsccoza_19yn'
--


